{"id":2616,"date":"2026-02-27T20:29:03","date_gmt":"2026-02-27T19:29:03","guid":{"rendered":"https:\/\/venerala.org\/?post_type=eventi&#038;p=2616"},"modified":"2026-02-27T20:32:39","modified_gmt":"2026-02-27T19:32:39","slug":"invito-al-secondo-cerchio-della-venere-in-polveriera","status":"publish","type":"eventi","link":"https:\/\/venerala.org\/?eventi=invito-al-secondo-cerchio-della-venere-in-polveriera","title":{"rendered":"Invito al secondo Cerchio della Venere in Polveriera"},"content":{"rendered":"<h3>Premessa<\/h3>\n<p>I cerchi della Venere in Polveriera vogliono essere <em>&#8220;rituali di pensiero&#8221;<\/em>, ossia spazi di confronto filosofici che non oberino le gi\u00e0 dense assemblee settimanali di autogestione. <strong>Sentiamo la necessit\u00e0 di riappropriarci di un nuovo immaginario collettivo<\/strong>: per questo motivo necessitiamo di un luogo che permetta alle ampie vedute di prendere parola e forma, con ritmi pi\u00f9 lenti (una volta al mese), senza intralciare le affannose questioni dettate dalla quotidianit\u00e0. Riprendere possesso della nostra immaginazione \u00e8 un atto di cura che esige riflessione emotiva e applicazione intellettuale.<\/p>\n<p><strong>Il secondo cerchio della Venere<\/strong> nasce dal lavoro di ascolto e mappatura dei contenuti e dei pensieri emersi nel primo cerchio che si \u00e8 svolto il 15 febbraio 2026 in Polveriera, durante la 4 giorni di Carnevale.<span class=\"Apple-converted-space\">\u00a0<\/span><\/p>\n<p>Dopo aver raccolto parole, tensioni e domande attorno a <strong>impropriet\u00e0, cura, arte<\/strong> (intesa come dispositivo di affezione e convergenza) e <strong>diritto alla citt\u00e0,<\/strong> il prossimo passaggio sar\u00e0 interrogare in modo pi\u00f9 esplicito la dimensione pubblica di questo processo.<\/p>\n<p>Trovi il resoconto dettagliato al primo cerchio negli Approfondimenti o <a href=\"https:\/\/venerala.org\/?approfondimenti=restituzione-del-cerchio-della-venere\">cliccando qui<\/a>.<\/p>\n<p>L&#8217;attenzione del secondo cerchio sar\u00e0 posta sulla <strong>costruzione di pratiche di narrazione pubblica capaci di spostare l\u2019immaginario dominante sulla citt\u00e0, sugli spazi e sulla partecipazione.<span class=\"Apple-converted-space\">\u00a0<\/span><\/strong><\/p>\n<p>Non si tratta semplicemente di comunicare ci\u00f2 che facciamo, n\u00e9 di dare sfogo alla fatica che caratterizza l&#8217;operato di chi fa rete dal basso; bens\u00ec, si tratta di capire come raccontare l\u2019uso comunitario senza semplificarlo, come produrre immagini, linguaggi e gesti che incidano sul modo in cui lo spazio pubblico viene percepito e vissuto.<\/p>\n<p>La domanda che orienter\u00e0 il lavoro sar\u00e0: <strong>se dovessimo investire energie nei prossimi mesi, dove servirebbero di pi\u00f9: nel metodo, nella sostenibilit\u00e0 o nell\u2019immaginario?<\/strong><\/p>\n<p>L\u2019obiettivo non \u00e8 produrre un piano completo, ma far emergere un punto di energia: una proposta attivabile oppure un nodo che richiede ulteriore sedimentazione.<\/p>\n<h3>Il cerchio resta uno spazio pubblico di ricerca condivisa: un laboratorio politico generativo, un dispositivo di cura del pensiero per ri-costruire senso, orientamento e convergenza nello spazio comune.<\/h3>\n","protected":false},"excerpt":{"rendered":"<p>Dopo aver raccolto parole, tensioni e domande attorno a impropriet\u00e0, cura, arte come relazione e diritto alla citt\u00e0, il prossimo passaggio sar\u00e0 interrogare in modo pi\u00f9 esplicito sulla dimensione pubblica di questo processo.<\/p>\n","protected":false},"featured_media":2614,"template":"","tipologia":[72],"location":[76],"giorno-evento":[],"class_list":["post-2616","eventi","type-eventi","status-publish","has-post-thumbnail","hentry","tipologia-cerchio-della-venere","location-la-polveriera-spazio-comune"],"acf":[],"yoast_head":"<!-- This site is optimized with the Yoast SEO plugin v27.5 - https:\/\/yoast.com\/product\/yoast-seo-wordpress\/ -->\n<title>Invito al secondo Cerchio della Venere in Polveriera - veneraLA<\/title>\n<meta name=\"description\" content=\"A Firenze, il Cerchio della Venere in Polveriera \u00e8 un laboratorio politico mensile per ripensare immaginario collettivo, narrazione pubblica e spazio comune.\" \/>\n<meta name=\"robots\" content=\"index, follow, max-snippet:-1, max-image-preview:large, max-video-preview:-1\" \/>\n<link rel=\"canonical\" href=\"https:\/\/venerala.org\/?eventi=invito-al-secondo-cerchio-della-venere-in-polveriera\" \/>\n<meta property=\"og:locale\" content=\"it_IT\" \/>\n<meta property=\"og:type\" content=\"article\" \/>\n<meta property=\"og:title\" content=\"Invito al secondo Cerchio della Venere in Polveriera - veneraLA\" \/>\n<meta property=\"og:description\" content=\"A Firenze, il Cerchio della Venere in Polveriera \u00e8 un laboratorio politico mensile per ripensare immaginario collettivo, narrazione pubblica e spazio comune.\" \/>\n<meta property=\"og:url\" content=\"https:\/\/venerala.org\/?eventi=invito-al-secondo-cerchio-della-venere-in-polveriera\" \/>\n<meta property=\"og:site_name\" content=\"veneraLA\" \/>\n<meta property=\"article:modified_time\" content=\"2026-02-27T19:32:39+00:00\" \/>\n<meta property=\"og:image\" content=\"https:\/\/venerala.org\/wp-content\/uploads\/2026\/02\/cerchio-venere-15-febbraio2026.jpg\" \/>\n\t<meta property=\"og:image:width\" content=\"1280\" \/>\n\t<meta property=\"og:image:height\" content=\"850\" \/>\n\t<meta property=\"og:image:type\" content=\"image\/jpeg\" \/>\n<meta name=\"twitter:card\" content=\"summary_large_image\" \/>\n<meta name=\"twitter:label1\" content=\"Tempo di lettura stimato\" \/>\n\t<meta name=\"twitter:data1\" content=\"2 minuti\" \/>\n<script type=\"application\/ld+json\" class=\"yoast-schema-graph\">{\"@context\":\"https:\\\/\\\/schema.org\",\"@graph\":[{\"@type\":\"WebPage\",\"@id\":\"https:\\\/\\\/venerala.org\\\/?eventi=invito-al-secondo-cerchio-della-venere-in-polveriera\",\"url\":\"https:\\\/\\\/venerala.org\\\/?eventi=invito-al-secondo-cerchio-della-venere-in-polveriera\",\"name\":\"Invito al secondo Cerchio della Venere in Polveriera - veneraLA\",\"isPartOf\":{\"@id\":\"https:\\\/\\\/venerala.org\\\/#website\"},\"primaryImageOfPage\":{\"@id\":\"https:\\\/\\\/venerala.org\\\/?eventi=invito-al-secondo-cerchio-della-venere-in-polveriera#primaryimage\"},\"image\":{\"@id\":\"https:\\\/\\\/venerala.org\\\/?eventi=invito-al-secondo-cerchio-della-venere-in-polveriera#primaryimage\"},\"thumbnailUrl\":\"https:\\\/\\\/venerala.org\\\/wp-content\\\/uploads\\\/2026\\\/02\\\/cerchio-venere-15-febbraio2026.jpg\",\"datePublished\":\"2026-02-27T19:29:03+00:00\",\"dateModified\":\"2026-02-27T19:32:39+00:00\",\"description\":\"A Firenze, il Cerchio della Venere in Polveriera \u00e8 un laboratorio politico mensile per ripensare immaginario collettivo, narrazione pubblica e spazio comune.\",\"breadcrumb\":{\"@id\":\"https:\\\/\\\/venerala.org\\\/?eventi=invito-al-secondo-cerchio-della-venere-in-polveriera#breadcrumb\"},\"inLanguage\":\"it-IT\",\"potentialAction\":[{\"@type\":\"ReadAction\",\"target\":[\"https:\\\/\\\/venerala.org\\\/?eventi=invito-al-secondo-cerchio-della-venere-in-polveriera\"]}]},{\"@type\":\"ImageObject\",\"inLanguage\":\"it-IT\",\"@id\":\"https:\\\/\\\/venerala.org\\\/?eventi=invito-al-secondo-cerchio-della-venere-in-polveriera#primaryimage\",\"url\":\"https:\\\/\\\/venerala.org\\\/wp-content\\\/uploads\\\/2026\\\/02\\\/cerchio-venere-15-febbraio2026.jpg\",\"contentUrl\":\"https:\\\/\\\/venerala.org\\\/wp-content\\\/uploads\\\/2026\\\/02\\\/cerchio-venere-15-febbraio2026.jpg\",\"width\":1280,\"height\":850},{\"@type\":\"BreadcrumbList\",\"@id\":\"https:\\\/\\\/venerala.org\\\/?eventi=invito-al-secondo-cerchio-della-venere-in-polveriera#breadcrumb\",\"itemListElement\":[{\"@type\":\"ListItem\",\"position\":1,\"name\":\"Home\",\"item\":\"https:\\\/\\\/venerala.org\\\/\"},{\"@type\":\"ListItem\",\"position\":2,\"name\":\"eventi\",\"item\":\"https:\\\/\\\/venerala.org\\\/?post_type=eventi\"},{\"@type\":\"ListItem\",\"position\":3,\"name\":\"Invito al secondo Cerchio della Venere in Polveriera\"}]},{\"@type\":\"WebSite\",\"@id\":\"https:\\\/\\\/venerala.org\\\/#website\",\"url\":\"https:\\\/\\\/venerala.org\\\/\",\"name\":\"veneraLA\",\"description\":\"l&#039;odissea continua...\",\"publisher\":{\"@id\":\"https:\\\/\\\/venerala.org\\\/#organization\"},\"potentialAction\":[{\"@type\":\"SearchAction\",\"target\":{\"@type\":\"EntryPoint\",\"urlTemplate\":\"https:\\\/\\\/venerala.org\\\/?s={search_term_string}\"},\"query-input\":{\"@type\":\"PropertyValueSpecification\",\"valueRequired\":true,\"valueName\":\"search_term_string\"}}],\"inLanguage\":\"it-IT\"},{\"@type\":\"Organization\",\"@id\":\"https:\\\/\\\/venerala.org\\\/#organization\",\"name\":\"veneraLA\",\"url\":\"https:\\\/\\\/venerala.org\\\/\",\"logo\":{\"@type\":\"ImageObject\",\"inLanguage\":\"it-IT\",\"@id\":\"https:\\\/\\\/venerala.org\\\/#\\\/schema\\\/logo\\\/image\\\/\",\"url\":\"https:\\\/\\\/venerala.org\\\/wp-content\\\/uploads\\\/2025\\\/03\\\/favicon-venere-80.jpg\",\"contentUrl\":\"https:\\\/\\\/venerala.org\\\/wp-content\\\/uploads\\\/2025\\\/03\\\/favicon-venere-80.jpg\",\"width\":512,\"height\":512,\"caption\":\"veneraLA\"},\"image\":{\"@id\":\"https:\\\/\\\/venerala.org\\\/#\\\/schema\\\/logo\\\/image\\\/\"}}]}<\/script>\n<!-- \/ Yoast SEO plugin. -->","yoast_head_json":{"title":"Invito al secondo Cerchio della Venere in Polveriera - veneraLA","description":"A Firenze, il Cerchio della Venere in Polveriera \u00e8 un laboratorio politico mensile per ripensare immaginario collettivo, narrazione pubblica e spazio comune.","robots":{"index":"index","follow":"follow","max-snippet":"max-snippet:-1","max-image-preview":"max-image-preview:large","max-video-preview":"max-video-preview:-1"},"canonical":"https:\/\/venerala.org\/?eventi=invito-al-secondo-cerchio-della-venere-in-polveriera","og_locale":"it_IT","og_type":"article","og_title":"Invito al secondo Cerchio della Venere in Polveriera - veneraLA","og_description":"A Firenze, il Cerchio della Venere in Polveriera \u00e8 un laboratorio politico mensile per ripensare immaginario collettivo, narrazione pubblica e spazio comune.","og_url":"https:\/\/venerala.org\/?eventi=invito-al-secondo-cerchio-della-venere-in-polveriera","og_site_name":"veneraLA","article_modified_time":"2026-02-27T19:32:39+00:00","og_image":[{"width":1280,"height":850,"url":"https:\/\/venerala.org\/wp-content\/uploads\/2026\/02\/cerchio-venere-15-febbraio2026.jpg","type":"image\/jpeg"}],"twitter_card":"summary_large_image","twitter_misc":{"Tempo di lettura stimato":"2 minuti"},"schema":{"@context":"https:\/\/schema.org","@graph":[{"@type":"WebPage","@id":"https:\/\/venerala.org\/?eventi=invito-al-secondo-cerchio-della-venere-in-polveriera","url":"https:\/\/venerala.org\/?eventi=invito-al-secondo-cerchio-della-venere-in-polveriera","name":"Invito al secondo Cerchio della Venere in Polveriera - veneraLA","isPartOf":{"@id":"https:\/\/venerala.org\/#website"},"primaryImageOfPage":{"@id":"https:\/\/venerala.org\/?eventi=invito-al-secondo-cerchio-della-venere-in-polveriera#primaryimage"},"image":{"@id":"https:\/\/venerala.org\/?eventi=invito-al-secondo-cerchio-della-venere-in-polveriera#primaryimage"},"thumbnailUrl":"https:\/\/venerala.org\/wp-content\/uploads\/2026\/02\/cerchio-venere-15-febbraio2026.jpg","datePublished":"2026-02-27T19:29:03+00:00","dateModified":"2026-02-27T19:32:39+00:00","description":"A Firenze, il Cerchio della Venere in Polveriera \u00e8 un laboratorio politico mensile per ripensare immaginario collettivo, narrazione pubblica e spazio comune.","breadcrumb":{"@id":"https:\/\/venerala.org\/?eventi=invito-al-secondo-cerchio-della-venere-in-polveriera#breadcrumb"},"inLanguage":"it-IT","potentialAction":[{"@type":"ReadAction","target":["https:\/\/venerala.org\/?eventi=invito-al-secondo-cerchio-della-venere-in-polveriera"]}]},{"@type":"ImageObject","inLanguage":"it-IT","@id":"https:\/\/venerala.org\/?eventi=invito-al-secondo-cerchio-della-venere-in-polveriera#primaryimage","url":"https:\/\/venerala.org\/wp-content\/uploads\/2026\/02\/cerchio-venere-15-febbraio2026.jpg","contentUrl":"https:\/\/venerala.org\/wp-content\/uploads\/2026\/02\/cerchio-venere-15-febbraio2026.jpg","width":1280,"height":850},{"@type":"BreadcrumbList","@id":"https:\/\/venerala.org\/?eventi=invito-al-secondo-cerchio-della-venere-in-polveriera#breadcrumb","itemListElement":[{"@type":"ListItem","position":1,"name":"Home","item":"https:\/\/venerala.org\/"},{"@type":"ListItem","position":2,"name":"eventi","item":"https:\/\/venerala.org\/?post_type=eventi"},{"@type":"ListItem","position":3,"name":"Invito al secondo Cerchio della Venere in Polveriera"}]},{"@type":"WebSite","@id":"https:\/\/venerala.org\/#website","url":"https:\/\/venerala.org\/","name":"veneraLA","description":"l&#039;odissea continua...","publisher":{"@id":"https:\/\/venerala.org\/#organization"},"potentialAction":[{"@type":"SearchAction","target":{"@type":"EntryPoint","urlTemplate":"https:\/\/venerala.org\/?s={search_term_string}"},"query-input":{"@type":"PropertyValueSpecification","valueRequired":true,"valueName":"search_term_string"}}],"inLanguage":"it-IT"},{"@type":"Organization","@id":"https:\/\/venerala.org\/#organization","name":"veneraLA","url":"https:\/\/venerala.org\/","logo":{"@type":"ImageObject","inLanguage":"it-IT","@id":"https:\/\/venerala.org\/#\/schema\/logo\/image\/","url":"https:\/\/venerala.org\/wp-content\/uploads\/2025\/03\/favicon-venere-80.jpg","contentUrl":"https:\/\/venerala.org\/wp-content\/uploads\/2025\/03\/favicon-venere-80.jpg","width":512,"height":512,"caption":"veneraLA"},"image":{"@id":"https:\/\/venerala.org\/#\/schema\/logo\/image\/"}}]}},"_links":{"self":[{"href":"https:\/\/venerala.org\/index.php?rest_route=\/wp\/v2\/eventi\/2616","targetHints":{"allow":["GET"]}}],"collection":[{"href":"https:\/\/venerala.org\/index.php?rest_route=\/wp\/v2\/eventi"}],"about":[{"href":"https:\/\/venerala.org\/index.php?rest_route=\/wp\/v2\/types\/eventi"}],"wp:featuredmedia":[{"embeddable":true,"href":"https:\/\/venerala.org\/index.php?rest_route=\/wp\/v2\/media\/2614"}],"wp:attachment":[{"href":"https:\/\/venerala.org\/index.php?rest_route=%2Fwp%2Fv2%2Fmedia&parent=2616"}],"wp:term":[{"taxonomy":"tipologia","embeddable":true,"href":"https:\/\/venerala.org\/index.php?rest_route=%2Fwp%2Fv2%2Ftipologia&post=2616"},{"taxonomy":"location","embeddable":true,"href":"https:\/\/venerala.org\/index.php?rest_route=%2Fwp%2Fv2%2Flocation&post=2616"},{"taxonomy":"giorno-evento","embeddable":true,"href":"https:\/\/venerala.org\/index.php?rest_route=%2Fwp%2Fv2%2Fgiorno-evento&post=2616"}],"curies":[{"name":"wp","href":"https:\/\/api.w.org\/{rel}","templated":true}]}}

<h3>Premessa</h3>
<p>I cerchi della Venere in Polveriera vogliono essere <em>&#8220;rituali di pensiero&#8221;</em>, ossia spazi di confronto filosofici che non oberino le già dense assemblee settimanali di autogestione. <strong>Sentiamo la necessità di riappropriarci di un nuovo immaginario collettivo</strong>: per questo motivo necessitiamo di un luogo che permetta alle ampie vedute di prendere parola e forma, con ritmi più lenti (una volta al mese), senza intralciare le affannose questioni dettate dalla quotidianità. Riprendere possesso della nostra immaginazione è un atto di cura che esige riflessione emotiva e applicazione intellettuale.</p>
<p><strong>Il secondo cerchio della Venere</strong> nasce dal lavoro di ascolto e mappatura dei contenuti e dei pensieri emersi nel primo cerchio che si è svolto il 15 febbraio 2026 in Polveriera, durante la 4 giorni di Carnevale.<span class="Apple-converted-space"> </span></p>
<p>Dopo aver raccolto parole, tensioni e domande attorno a <strong>improprietà, cura, arte</strong> (intesa come dispositivo di affezione e convergenza) e <strong>diritto alla città,</strong> il prossimo passaggio sarà interrogare in modo più esplicito la dimensione pubblica di questo processo.</p>
<p>Trovi il resoconto dettagliato al primo cerchio negli Approfondimenti o <a href="https://venerala.org/?approfondimenti=restituzione-del-cerchio-della-venere">cliccando qui</a>.</p>
<p>L&#8217;attenzione del secondo cerchio sarà posta sulla <strong>costruzione di pratiche di narrazione pubblica capaci di spostare l’immaginario dominante sulla città, sugli spazi e sulla partecipazione.<span class="Apple-converted-space"> </span></strong></p>
<p>Non si tratta semplicemente di comunicare ciò che facciamo, né di dare sfogo alla fatica che caratterizza l&#8217;operato di chi fa rete dal basso; bensì, si tratta di capire come raccontare l’uso comunitario senza semplificarlo, come produrre immagini, linguaggi e gesti che incidano sul modo in cui lo spazio pubblico viene percepito e vissuto.</p>
<p>La domanda che orienterà il lavoro sarà: <strong>se dovessimo investire energie nei prossimi mesi, dove servirebbero di più: nel metodo, nella sostenibilità o nell’immaginario?</strong></p>
<p>L’obiettivo non è produrre un piano completo, ma far emergere un punto di energia: una proposta attivabile oppure un nodo che richiede ulteriore sedimentazione.</p>
<h3>Il cerchio resta uno spazio pubblico di ricerca condivisa: un laboratorio politico generativo, un dispositivo di cura del pensiero per ri-costruire senso, orientamento e convergenza nello spazio comune.</h3>

<p>Dopo aver raccolto parole, tensioni e domande attorno a improprietà, cura, arte come relazione e diritto alla città, il prossimo passaggio sarà interrogare in modo più esplicito sulla dimensione pubblica di questo processo.</p>

<!-- This site is optimized with the Yoast SEO plugin v27.5 - https://yoast.com/product/yoast-seo-wordpress/ -->
<title>Invito al secondo Cerchio della Venere in Polveriera - veneraLA</title>
<meta name="description" content="A Firenze, il Cerchio della Venere in Polveriera è un laboratorio politico mensile per ripensare immaginario collettivo, narrazione pubblica e spazio comune." />
<meta name="robots" content="index, follow, max-snippet:-1, max-image-preview:large, max-video-preview:-1" />
<link rel="canonical" href="https://venerala.org/?eventi=invito-al-secondo-cerchio-della-venere-in-polveriera" />
<meta property="og:locale" content="it_IT" />
<meta property="og:type" content="article" />
<meta property="og:title" content="Invito al secondo Cerchio della Venere in Polveriera - veneraLA" />
<meta property="og:description" content="A Firenze, il Cerchio della Venere in Polveriera è un laboratorio politico mensile per ripensare immaginario collettivo, narrazione pubblica e spazio comune." />
<meta property="og:url" content="https://venerala.org/?eventi=invito-al-secondo-cerchio-della-venere-in-polveriera" />
<meta property="og:site_name" content="veneraLA" />
<meta property="article:modified_time" content="2026-02-27T19:32:39+00:00" />
<meta property="og:image" content="https://venerala.org/wp-content/uploads/2026/02/cerchio-venere-15-febbraio2026.jpg" />
	<meta property="og:image:width" content="1280" />
	<meta property="og:image:height" content="850" />
	<meta property="og:image:type" content="image/jpeg" />
<meta name="twitter:card" content="summary_large_image" />
<meta name="twitter:label1" content="Tempo di lettura stimato" />
	<meta name="twitter:data1" content="2 minuti" />
<script type="application/ld+json" class="yoast-schema-graph">{"@context":"https:\/\/schema.org","@graph":[{"@type":"WebPage","@id":"https:\/\/venerala.org\/?eventi=invito-al-secondo-cerchio-della-venere-in-polveriera","url":"https:\/\/venerala.org\/?eventi=invito-al-secondo-cerchio-della-venere-in-polveriera","name":"Invito al secondo Cerchio della Venere in Polveriera - veneraLA","isPartOf":{"@id":"https:\/\/venerala.org\/#website"},"primaryImageOfPage":{"@id":"https:\/\/venerala.org\/?eventi=invito-al-secondo-cerchio-della-venere-in-polveriera#primaryimage"},"image":{"@id":"https:\/\/venerala.org\/?eventi=invito-al-secondo-cerchio-della-venere-in-polveriera#primaryimage"},"thumbnailUrl":"https:\/\/venerala.org\/wp-content\/uploads\/2026\/02\/cerchio-venere-15-febbraio2026.jpg","datePublished":"2026-02-27T19:29:03+00:00","dateModified":"2026-02-27T19:32:39+00:00","description":"A Firenze, il Cerchio della Venere in Polveriera è un laboratorio politico mensile per ripensare immaginario collettivo, narrazione pubblica e spazio comune.","breadcrumb":{"@id":"https:\/\/venerala.org\/?eventi=invito-al-secondo-cerchio-della-venere-in-polveriera#breadcrumb"},"inLanguage":"it-IT","potentialAction":[{"@type":"ReadAction","target":["https:\/\/venerala.org\/?eventi=invito-al-secondo-cerchio-della-venere-in-polveriera"]}]},{"@type":"ImageObject","inLanguage":"it-IT","@id":"https:\/\/venerala.org\/?eventi=invito-al-secondo-cerchio-della-venere-in-polveriera#primaryimage","url":"https:\/\/venerala.org\/wp-content\/uploads\/2026\/02\/cerchio-venere-15-febbraio2026.jpg","contentUrl":"https:\/\/venerala.org\/wp-content\/uploads\/2026\/02\/cerchio-venere-15-febbraio2026.jpg","width":1280,"height":850},{"@type":"BreadcrumbList","@id":"https:\/\/venerala.org\/?eventi=invito-al-secondo-cerchio-della-venere-in-polveriera#breadcrumb","itemListElement":[{"@type":"ListItem","position":1,"name":"Home","item":"https:\/\/venerala.org\/"},{"@type":"ListItem","position":2,"name":"eventi","item":"https:\/\/venerala.org\/?post_type=eventi"},{"@type":"ListItem","position":3,"name":"Invito al secondo Cerchio della Venere in Polveriera"}]},{"@type":"WebSite","@id":"https:\/\/venerala.org\/#website","url":"https:\/\/venerala.org\/","name":"veneraLA","description":"l&#039;odissea continua...","publisher":{"@id":"https:\/\/venerala.org\/#organization"},"potentialAction":[{"@type":"SearchAction","target":{"@type":"EntryPoint","urlTemplate":"https:\/\/venerala.org\/?s={search_term_string}"},"query-input":{"@type":"PropertyValueSpecification","valueRequired":true,"valueName":"search_term_string"}}],"inLanguage":"it-IT"},{"@type":"Organization","@id":"https:\/\/venerala.org\/#organization","name":"veneraLA","url":"https:\/\/venerala.org\/","logo":{"@type":"ImageObject","inLanguage":"it-IT","@id":"https:\/\/venerala.org\/#\/schema\/logo\/image\/","url":"https:\/\/venerala.org\/wp-content\/uploads\/2025\/03\/favicon-venere-80.jpg","contentUrl":"https:\/\/venerala.org\/wp-content\/uploads\/2025\/03\/favicon-venere-80.jpg","width":512,"height":512,"caption":"veneraLA"},"image":{"@id":"https:\/\/venerala.org\/#\/schema\/logo\/image\/"}}]}</script>
<!-- / Yoast SEO plugin. -->

A Firenze, il Cerchio della Venere in Polveriera è un laboratorio politico mensile per ripensare immaginario collettivo, narrazione pubblica e spazio comune.
