{"id":1737,"date":"2025-06-09T22:06:12","date_gmt":"2025-06-09T20:06:12","guid":{"rendered":"https:\/\/venerala.org\/?post_type=eventi&#038;p=1737"},"modified":"2025-11-11T14:12:42","modified_gmt":"2025-11-11T13:12:42","slug":"ipop-corner","status":"publish","type":"eventi","link":"https:\/\/venerala.org\/?eventi=ipop-corner","title":{"rendered":"I&#8217;Pop Corner"},"content":{"rendered":"<p>Freestyle e Esibizione delle proprie tracce sciogli le trecce<br \/>\nPortate sul posto la vostra pennina usb con le vostre strumentali<\/p>\n<p><strong>LA PAZZ<\/strong><\/p>\n<p>Alessandra, in arte La Pazz, \u00e8 appassionata di cultura Hip Hop dal 2005. Abbraccia gli elementi della doppia H dedicandosi inizialmente al breaking e al popping, specializzandosi nel locking e successivamente dedicandosi alla scrittura rap, pubblicando 2 album, 2 ep e vari singoli con artisti di fama internazionale.<br \/>\nOrganizza varie Jam sul territorio toscano e bolognese e coordina laboratori sulla cultura Hip Hop, trasmettendo le proprie conoscenze di rap e di danza locking. Numerose le vittorie e i posizionamenti nelle varie battle di street dance.<\/p>\n<p><strong>KIKI<\/strong><\/p>\n<p>Kiki, all\u2019anagrafe Alice Chichi, \u00e8 una rapper piemontese originaria di Bolzano Novarese. Attiva nella scena underground fin da giovanissima, si distingue per il suo stile diretto e personale, con testi che riflettono forza, autenticit\u00e0 e radici. Con il suo talento si sta affermando come una delle voci emergenti del rap italiano: ha iniziato il suo percorso musicale nel mondo del freestyle, partecipando a numerose battle in tutta Italia e raggiungendo nel 2019 la semifinale del prestigioso contest Tecniche Perfette, uno dei tornei pi\u00f9 importanti della scena freestyle italiana. Successivamente, \u00e8 entrata a far parte della Dojo Crew, un collettivo noto per la promozione del freestyle e della cultura hip-hop; la sua capacit\u00e0 di combinare tecnica e poliedricit\u00e0 le ha permesso di emergere in un panorama musicale competitivo, portandola ad esibirsi con personaggi gi\u00e0 consolidati nella scena italiana come Assalti Frontali e Miss Fritty. Nel 2024 la sua energia l\u2019ha vista tra i protagonisti di Nuova Scena, il talent dedicato ai nuovi nomi del rap distinguendosi per la sua grinta e, in occasione dei principali eventi hip-hop, ha aperto il live di Tony Boy a Modena presso la discoteca Mac2, confermando la sua crescita continua e la fame di nuovi palcoscenici.<\/p>\n<p><strong>DJ TARANTINO<\/strong><\/p>\n<p>Tesone Manuel, in arte Tarantino, \u00e8 un musicista e produttore nato a Novara. Ha iniziato il suo percorso artistico con la chitarra, strumento che lo ha introdotto al mondo della musica e lo ha portato a proseguire gli studi al Liceo Musicale Casorati, dove ha approfondito chitarra e clarinetto. Dopo il liceo, si \u00e8 trasferito a Milano, dove ha lavorato in uno studio di produzione prestigioso. In questo contesto ha sviluppato le sue capacit\u00e0 di produttore, collaborando con alcuni tra i pi\u00f9 rilevanti artisti emergenti della scena urban italiana, tra cui Flaco G, Raspy, Madprince, Neza, Nabi e Big P. Il suo stile musicale \u00e8 poliedrico, frutto di una solida formazione strumentale e di una mente creativa aperta a contaminazioni. Nonostante le sue influenze siano ampie, la sua produzione tende naturalmente verso il mondo del rap e dell\u2019urban, con sonorit\u00e0 curate, versatili e riconoscibili.<\/p>\n<p><strong>TWESH<\/strong><\/p>\n<p>Viene da Padova e fa musica da un paio di anni. Il suo primo approccio, prima del rap, \u00e8 stato con la cultura hip hop a 360 gradi; ha iniziato come b &#8211; girl, per poi dedicarsi allo studio della cultura in se e infine ho trovato la sua quadra nel rap. Nel suo immaginario cerca di riprodurre questo suo background ma allo stesso ricerca anche altri elementi nuovi e diversi per esprimere al meglio la sua identit\u00e0; quello che ha imparato nel corso degli anni \u00e8 che ogni disciplina dell&#8217;hip hop \u00e8 accomunata dagli stessi principi, che oltre ad incorporare i famosi &#8220;peace unity love and having fun&#8221;, riguardano soprattutto la ricerca del proprio stile, del proprio flavor, una ricerca che va a fondo dentro di se stessi per trovare la propria unicit\u00e0.<\/p>\n","protected":false},"excerpt":{"rendered":"<p>Freestyle e Esibizione delle proprie tracce sciogli le trecce<\/p>\n","protected":false},"featured_media":1743,"template":"","tipologia":[40,22],"location":[5],"giorno-evento":[20],"class_list":["post-1737","eventi","type-eventi","status-publish","has-post-thumbnail","hentry","tipologia-ceccorivolta","tipologia-live-set","location-palco-giochi","giorno-evento-venerdi-27"],"acf":[],"yoast_head":"<!-- This site is optimized with the Yoast SEO plugin v27.5 - https:\/\/yoast.com\/product\/yoast-seo-wordpress\/ -->\n<title>I&#039;Pop Corner - Cecco Rivolta 2000-2025<\/title>\n<meta name=\"robots\" content=\"index, follow, max-snippet:-1, max-image-preview:large, max-video-preview:-1\" \/>\n<link rel=\"canonical\" href=\"https:\/\/venerala.org\/?eventi=ipop-corner\" \/>\n<meta property=\"og:locale\" content=\"it_IT\" \/>\n<meta property=\"og:type\" content=\"article\" \/>\n<meta property=\"og:title\" content=\"I&#039;Pop Corner - Cecco Rivolta 2000-2025\" \/>\n<meta property=\"og:description\" content=\"Freestyle e Esibizione delle proprie tracce sciogli le trecce\" \/>\n<meta property=\"og:url\" content=\"https:\/\/venerala.org\/?eventi=ipop-corner\" \/>\n<meta property=\"og:site_name\" content=\"veneraLA\" \/>\n<meta property=\"article:modified_time\" content=\"2025-11-11T13:12:42+00:00\" \/>\n<meta property=\"og:image\" content=\"https:\/\/venerala.org\/wp-content\/uploads\/2025\/06\/loghi-p5-hiphopcorner-80.jpg\" \/>\n\t<meta property=\"og:image:width\" content=\"900\" \/>\n\t<meta property=\"og:image:height\" content=\"650\" \/>\n\t<meta property=\"og:image:type\" content=\"image\/jpeg\" \/>\n<meta name=\"twitter:card\" content=\"summary_large_image\" \/>\n<meta name=\"twitter:label1\" content=\"Tempo di lettura stimato\" \/>\n\t<meta name=\"twitter:data1\" content=\"4 minuti\" \/>\n<script type=\"application\/ld+json\" class=\"yoast-schema-graph\">{\"@context\":\"https:\\\/\\\/schema.org\",\"@graph\":[{\"@type\":\"WebPage\",\"@id\":\"https:\\\/\\\/venerala.org\\\/?eventi=ipop-corner\",\"url\":\"https:\\\/\\\/venerala.org\\\/?eventi=ipop-corner\",\"name\":\"I'Pop Corner - Cecco Rivolta 2000-2025\",\"isPartOf\":{\"@id\":\"https:\\\/\\\/venerala.org\\\/#website\"},\"primaryImageOfPage\":{\"@id\":\"https:\\\/\\\/venerala.org\\\/?eventi=ipop-corner#primaryimage\"},\"image\":{\"@id\":\"https:\\\/\\\/venerala.org\\\/?eventi=ipop-corner#primaryimage\"},\"thumbnailUrl\":\"https:\\\/\\\/venerala.org\\\/wp-content\\\/uploads\\\/2025\\\/06\\\/loghi-p5-hiphopcorner-80.jpg\",\"datePublished\":\"2025-06-09T20:06:12+00:00\",\"dateModified\":\"2025-11-11T13:12:42+00:00\",\"breadcrumb\":{\"@id\":\"https:\\\/\\\/venerala.org\\\/?eventi=ipop-corner#breadcrumb\"},\"inLanguage\":\"it-IT\",\"potentialAction\":[{\"@type\":\"ReadAction\",\"target\":[\"https:\\\/\\\/venerala.org\\\/?eventi=ipop-corner\"]}]},{\"@type\":\"ImageObject\",\"inLanguage\":\"it-IT\",\"@id\":\"https:\\\/\\\/venerala.org\\\/?eventi=ipop-corner#primaryimage\",\"url\":\"https:\\\/\\\/venerala.org\\\/wp-content\\\/uploads\\\/2025\\\/06\\\/loghi-p5-hiphopcorner-80.jpg\",\"contentUrl\":\"https:\\\/\\\/venerala.org\\\/wp-content\\\/uploads\\\/2025\\\/06\\\/loghi-p5-hiphopcorner-80.jpg\",\"width\":900,\"height\":650},{\"@type\":\"BreadcrumbList\",\"@id\":\"https:\\\/\\\/venerala.org\\\/?eventi=ipop-corner#breadcrumb\",\"itemListElement\":[{\"@type\":\"ListItem\",\"position\":1,\"name\":\"Home\",\"item\":\"https:\\\/\\\/venerala.org\\\/\"},{\"@type\":\"ListItem\",\"position\":2,\"name\":\"eventi\",\"item\":\"https:\\\/\\\/venerala.org\\\/?post_type=eventi\"},{\"@type\":\"ListItem\",\"position\":3,\"name\":\"I&#8217;Pop Corner\"}]},{\"@type\":\"WebSite\",\"@id\":\"https:\\\/\\\/venerala.org\\\/#website\",\"url\":\"https:\\\/\\\/venerala.org\\\/\",\"name\":\"veneraLA\",\"description\":\"l&#039;odissea continua...\",\"publisher\":{\"@id\":\"https:\\\/\\\/venerala.org\\\/#organization\"},\"potentialAction\":[{\"@type\":\"SearchAction\",\"target\":{\"@type\":\"EntryPoint\",\"urlTemplate\":\"https:\\\/\\\/venerala.org\\\/?s={search_term_string}\"},\"query-input\":{\"@type\":\"PropertyValueSpecification\",\"valueRequired\":true,\"valueName\":\"search_term_string\"}}],\"inLanguage\":\"it-IT\"},{\"@type\":\"Organization\",\"@id\":\"https:\\\/\\\/venerala.org\\\/#organization\",\"name\":\"veneraLA\",\"url\":\"https:\\\/\\\/venerala.org\\\/\",\"logo\":{\"@type\":\"ImageObject\",\"inLanguage\":\"it-IT\",\"@id\":\"https:\\\/\\\/venerala.org\\\/#\\\/schema\\\/logo\\\/image\\\/\",\"url\":\"https:\\\/\\\/venerala.org\\\/wp-content\\\/uploads\\\/2025\\\/03\\\/favicon-venere-80.jpg\",\"contentUrl\":\"https:\\\/\\\/venerala.org\\\/wp-content\\\/uploads\\\/2025\\\/03\\\/favicon-venere-80.jpg\",\"width\":512,\"height\":512,\"caption\":\"veneraLA\"},\"image\":{\"@id\":\"https:\\\/\\\/venerala.org\\\/#\\\/schema\\\/logo\\\/image\\\/\"}}]}<\/script>\n<!-- \/ Yoast SEO plugin. -->","yoast_head_json":{"title":"I'Pop Corner - Cecco Rivolta 2000-2025","robots":{"index":"index","follow":"follow","max-snippet":"max-snippet:-1","max-image-preview":"max-image-preview:large","max-video-preview":"max-video-preview:-1"},"canonical":"https:\/\/venerala.org\/?eventi=ipop-corner","og_locale":"it_IT","og_type":"article","og_title":"I'Pop Corner - Cecco Rivolta 2000-2025","og_description":"Freestyle e Esibizione delle proprie tracce sciogli le trecce","og_url":"https:\/\/venerala.org\/?eventi=ipop-corner","og_site_name":"veneraLA","article_modified_time":"2025-11-11T13:12:42+00:00","og_image":[{"width":900,"height":650,"url":"https:\/\/venerala.org\/wp-content\/uploads\/2025\/06\/loghi-p5-hiphopcorner-80.jpg","type":"image\/jpeg"}],"twitter_card":"summary_large_image","twitter_misc":{"Tempo di lettura stimato":"4 minuti"},"schema":{"@context":"https:\/\/schema.org","@graph":[{"@type":"WebPage","@id":"https:\/\/venerala.org\/?eventi=ipop-corner","url":"https:\/\/venerala.org\/?eventi=ipop-corner","name":"I'Pop Corner - Cecco Rivolta 2000-2025","isPartOf":{"@id":"https:\/\/venerala.org\/#website"},"primaryImageOfPage":{"@id":"https:\/\/venerala.org\/?eventi=ipop-corner#primaryimage"},"image":{"@id":"https:\/\/venerala.org\/?eventi=ipop-corner#primaryimage"},"thumbnailUrl":"https:\/\/venerala.org\/wp-content\/uploads\/2025\/06\/loghi-p5-hiphopcorner-80.jpg","datePublished":"2025-06-09T20:06:12+00:00","dateModified":"2025-11-11T13:12:42+00:00","breadcrumb":{"@id":"https:\/\/venerala.org\/?eventi=ipop-corner#breadcrumb"},"inLanguage":"it-IT","potentialAction":[{"@type":"ReadAction","target":["https:\/\/venerala.org\/?eventi=ipop-corner"]}]},{"@type":"ImageObject","inLanguage":"it-IT","@id":"https:\/\/venerala.org\/?eventi=ipop-corner#primaryimage","url":"https:\/\/venerala.org\/wp-content\/uploads\/2025\/06\/loghi-p5-hiphopcorner-80.jpg","contentUrl":"https:\/\/venerala.org\/wp-content\/uploads\/2025\/06\/loghi-p5-hiphopcorner-80.jpg","width":900,"height":650},{"@type":"BreadcrumbList","@id":"https:\/\/venerala.org\/?eventi=ipop-corner#breadcrumb","itemListElement":[{"@type":"ListItem","position":1,"name":"Home","item":"https:\/\/venerala.org\/"},{"@type":"ListItem","position":2,"name":"eventi","item":"https:\/\/venerala.org\/?post_type=eventi"},{"@type":"ListItem","position":3,"name":"I&#8217;Pop Corner"}]},{"@type":"WebSite","@id":"https:\/\/venerala.org\/#website","url":"https:\/\/venerala.org\/","name":"veneraLA","description":"l&#039;odissea continua...","publisher":{"@id":"https:\/\/venerala.org\/#organization"},"potentialAction":[{"@type":"SearchAction","target":{"@type":"EntryPoint","urlTemplate":"https:\/\/venerala.org\/?s={search_term_string}"},"query-input":{"@type":"PropertyValueSpecification","valueRequired":true,"valueName":"search_term_string"}}],"inLanguage":"it-IT"},{"@type":"Organization","@id":"https:\/\/venerala.org\/#organization","name":"veneraLA","url":"https:\/\/venerala.org\/","logo":{"@type":"ImageObject","inLanguage":"it-IT","@id":"https:\/\/venerala.org\/#\/schema\/logo\/image\/","url":"https:\/\/venerala.org\/wp-content\/uploads\/2025\/03\/favicon-venere-80.jpg","contentUrl":"https:\/\/venerala.org\/wp-content\/uploads\/2025\/03\/favicon-venere-80.jpg","width":512,"height":512,"caption":"veneraLA"},"image":{"@id":"https:\/\/venerala.org\/#\/schema\/logo\/image\/"}}]}},"_links":{"self":[{"href":"https:\/\/venerala.org\/index.php?rest_route=\/wp\/v2\/eventi\/1737","targetHints":{"allow":["GET"]}}],"collection":[{"href":"https:\/\/venerala.org\/index.php?rest_route=\/wp\/v2\/eventi"}],"about":[{"href":"https:\/\/venerala.org\/index.php?rest_route=\/wp\/v2\/types\/eventi"}],"wp:featuredmedia":[{"embeddable":true,"href":"https:\/\/venerala.org\/index.php?rest_route=\/wp\/v2\/media\/1743"}],"wp:attachment":[{"href":"https:\/\/venerala.org\/index.php?rest_route=%2Fwp%2Fv2%2Fmedia&parent=1737"}],"wp:term":[{"taxonomy":"tipologia","embeddable":true,"href":"https:\/\/venerala.org\/index.php?rest_route=%2Fwp%2Fv2%2Ftipologia&post=1737"},{"taxonomy":"location","embeddable":true,"href":"https:\/\/venerala.org\/index.php?rest_route=%2Fwp%2Fv2%2Flocation&post=1737"},{"taxonomy":"giorno-evento","embeddable":true,"href":"https:\/\/venerala.org\/index.php?rest_route=%2Fwp%2Fv2%2Fgiorno-evento&post=1737"}],"curies":[{"name":"wp","href":"https:\/\/api.w.org\/{rel}","templated":true}]}}

<p>Freestyle e Esibizione delle proprie tracce sciogli le trecce<br />
Portate sul posto la vostra pennina usb con le vostre strumentali</p>
<p><strong>LA PAZZ</strong></p>
<p>Alessandra, in arte La Pazz, è appassionata di cultura Hip Hop dal 2005. Abbraccia gli elementi della doppia H dedicandosi inizialmente al breaking e al popping, specializzandosi nel locking e successivamente dedicandosi alla scrittura rap, pubblicando 2 album, 2 ep e vari singoli con artisti di fama internazionale.<br />
Organizza varie Jam sul territorio toscano e bolognese e coordina laboratori sulla cultura Hip Hop, trasmettendo le proprie conoscenze di rap e di danza locking. Numerose le vittorie e i posizionamenti nelle varie battle di street dance.</p>
<p><strong>KIKI</strong></p>
<p>Kiki, all’anagrafe Alice Chichi, è una rapper piemontese originaria di Bolzano Novarese. Attiva nella scena underground fin da giovanissima, si distingue per il suo stile diretto e personale, con testi che riflettono forza, autenticità e radici. Con il suo talento si sta affermando come una delle voci emergenti del rap italiano: ha iniziato il suo percorso musicale nel mondo del freestyle, partecipando a numerose battle in tutta Italia e raggiungendo nel 2019 la semifinale del prestigioso contest Tecniche Perfette, uno dei tornei più importanti della scena freestyle italiana. Successivamente, è entrata a far parte della Dojo Crew, un collettivo noto per la promozione del freestyle e della cultura hip-hop; la sua capacità di combinare tecnica e poliedricità le ha permesso di emergere in un panorama musicale competitivo, portandola ad esibirsi con personaggi già consolidati nella scena italiana come Assalti Frontali e Miss Fritty. Nel 2024 la sua energia l’ha vista tra i protagonisti di Nuova Scena, il talent dedicato ai nuovi nomi del rap distinguendosi per la sua grinta e, in occasione dei principali eventi hip-hop, ha aperto il live di Tony Boy a Modena presso la discoteca Mac2, confermando la sua crescita continua e la fame di nuovi palcoscenici.</p>
<p><strong>DJ TARANTINO</strong></p>
<p>Tesone Manuel, in arte Tarantino, è un musicista e produttore nato a Novara. Ha iniziato il suo percorso artistico con la chitarra, strumento che lo ha introdotto al mondo della musica e lo ha portato a proseguire gli studi al Liceo Musicale Casorati, dove ha approfondito chitarra e clarinetto. Dopo il liceo, si è trasferito a Milano, dove ha lavorato in uno studio di produzione prestigioso. In questo contesto ha sviluppato le sue capacità di produttore, collaborando con alcuni tra i più rilevanti artisti emergenti della scena urban italiana, tra cui Flaco G, Raspy, Madprince, Neza, Nabi e Big P. Il suo stile musicale è poliedrico, frutto di una solida formazione strumentale e di una mente creativa aperta a contaminazioni. Nonostante le sue influenze siano ampie, la sua produzione tende naturalmente verso il mondo del rap e dell’urban, con sonorità curate, versatili e riconoscibili.</p>
<p><strong>TWESH</strong></p>
<p>Viene da Padova e fa musica da un paio di anni. Il suo primo approccio, prima del rap, è stato con la cultura hip hop a 360 gradi; ha iniziato come b &#8211; girl, per poi dedicarsi allo studio della cultura in se e infine ho trovato la sua quadra nel rap. Nel suo immaginario cerca di riprodurre questo suo background ma allo stesso ricerca anche altri elementi nuovi e diversi per esprimere al meglio la sua identità; quello che ha imparato nel corso degli anni è che ogni disciplina dell&#8217;hip hop è accomunata dagli stessi principi, che oltre ad incorporare i famosi &#8220;peace unity love and having fun&#8221;, riguardano soprattutto la ricerca del proprio stile, del proprio flavor, una ricerca che va a fondo dentro di se stessi per trovare la propria unicità.</p>
