{"id":1712,"date":"2025-06-09T21:34:35","date_gmt":"2025-06-09T19:34:35","guid":{"rendered":"https:\/\/venerala.org\/?post_type=eventi&#038;p=1712"},"modified":"2025-11-11T14:13:09","modified_gmt":"2025-11-11T13:13:09","slug":"corpi-e-politica-cosa-puo-uno-spazio","status":"publish","type":"eventi","link":"https:\/\/venerala.org\/?eventi=corpi-e-politica-cosa-puo-uno-spazio","title":{"rendered":"Corpi e politica, cosa pu\u00f2 uno spazio?"},"content":{"rendered":"<p>Il corpo non \u00e8 mai neutro. \u00c8 un campo di battaglia, un archivio di violenze e desideri, una mappa di confini imposti e frontiere sfondate. Parlare di corpi oggi significa smascherare l&#8217;ipocrisia di un potere che li vuole docili: corpi divisi per genere, razza, classe; corpi medicalizzati, criminalizzati, resi merce o bandiera.<\/p>\n<p>Attraverseremo la pelle per arrivare al cuore politico della questione: come trasformare il corpo da luogo di controllo a spazio di liberazione? Le leggi transfobiche, il pacchetto sicurezza, l&#8217;ossessione per la famiglia tradizionale convergono verso un obiettivo: disciplinare la carne. Come scrive Judith Butler, il corpo \u00e8 sempre un fatto culturale, anche quando ci viene venduto come &#8220;natura&#8221;.<\/p>\n<p>Spazi che rifiutano la logica del possesso, relazioni che sfuggono alle gerarchie, corpi che resistono alle catalogazioni. Esperienze radicali che dimostrano: esistono modi di vivere oltre le norme.<\/p>\n<p>Silvia Federici ci ha insegnato che il capitalismo ha bisogno di corpi addomesticati. La nostra risposta \u00e8 selvaggia: corpi che si riappropriano del piacere, del tempo, delle relazioni. Perch\u00e9 &#8211; come scrive Brigitte Vassallo &#8211; &#8220;l&#8217;amore \u00e8 politico quando smette di essere privato&#8221;.<\/p>\n<p>Dopo anni di lotte, il Cecco \u00e8 ancora qui a chiedersi: quanto possiamo spogliarci, prima di trovare ci\u00f2 che siamo davvero?<\/p>\n","protected":false},"excerpt":{"rendered":"<p>Spazi che rifiutano la logica del possesso, relazioni che sfuggono alle gerarchie, corpi che resistono alle catalogazioni. Esperienze radicali che dimostrano: esistono modi di vivere oltre le norme.<\/p>\n","protected":false},"featured_media":1756,"template":"","tipologia":[40,8],"location":[15],"giorno-evento":[20],"class_list":["post-1712","eventi","type-eventi","status-publish","has-post-thumbnail","hentry","tipologia-ceccorivolta","tipologia-talk","location-spazio-talk","giorno-evento-venerdi-27"],"acf":[],"yoast_head":"<!-- This site is optimized with the Yoast SEO plugin v27.5 - https:\/\/yoast.com\/product\/yoast-seo-wordpress\/ -->\n<title>Corpi e politica, cosa pu\u00f2 uno spazio? - Cecco Rivolta 2000-2025<\/title>\n<meta name=\"robots\" content=\"index, follow, max-snippet:-1, max-image-preview:large, max-video-preview:-1\" \/>\n<link rel=\"canonical\" href=\"https:\/\/venerala.org\/?eventi=corpi-e-politica-cosa-puo-uno-spazio\" \/>\n<meta property=\"og:locale\" content=\"it_IT\" \/>\n<meta property=\"og:type\" content=\"article\" \/>\n<meta property=\"og:title\" content=\"Corpi e politica, cosa pu\u00f2 uno spazio? - Cecco Rivolta 2000-2025\" \/>\n<meta property=\"og:description\" content=\"Spazi che rifiutano la logica del possesso, relazioni che sfuggono alle gerarchie, corpi che resistono alle catalogazioni. Esperienze radicali che dimostrano: esistono modi di vivere oltre le norme.\" \/>\n<meta property=\"og:url\" content=\"https:\/\/venerala.org\/?eventi=corpi-e-politica-cosa-puo-uno-spazio\" \/>\n<meta property=\"og:site_name\" content=\"veneraLA\" \/>\n<meta property=\"article:modified_time\" content=\"2025-11-11T13:13:09+00:00\" \/>\n<meta property=\"og:image\" content=\"https:\/\/venerala.org\/wp-content\/uploads\/2025\/06\/corpi.jpg\" \/>\n\t<meta property=\"og:image:width\" content=\"900\" \/>\n\t<meta property=\"og:image:height\" content=\"675\" \/>\n\t<meta property=\"og:image:type\" content=\"image\/jpeg\" \/>\n<meta name=\"twitter:card\" content=\"summary_large_image\" \/>\n<meta name=\"twitter:label1\" content=\"Tempo di lettura stimato\" \/>\n\t<meta name=\"twitter:data1\" content=\"2 minuti\" \/>\n<script type=\"application\/ld+json\" class=\"yoast-schema-graph\">{\"@context\":\"https:\\\/\\\/schema.org\",\"@graph\":[{\"@type\":\"WebPage\",\"@id\":\"https:\\\/\\\/venerala.org\\\/?eventi=corpi-e-politica-cosa-puo-uno-spazio\",\"url\":\"https:\\\/\\\/venerala.org\\\/?eventi=corpi-e-politica-cosa-puo-uno-spazio\",\"name\":\"Corpi e politica, cosa pu\u00f2 uno spazio? - Cecco Rivolta 2000-2025\",\"isPartOf\":{\"@id\":\"https:\\\/\\\/venerala.org\\\/#website\"},\"primaryImageOfPage\":{\"@id\":\"https:\\\/\\\/venerala.org\\\/?eventi=corpi-e-politica-cosa-puo-uno-spazio#primaryimage\"},\"image\":{\"@id\":\"https:\\\/\\\/venerala.org\\\/?eventi=corpi-e-politica-cosa-puo-uno-spazio#primaryimage\"},\"thumbnailUrl\":\"https:\\\/\\\/venerala.org\\\/wp-content\\\/uploads\\\/2025\\\/06\\\/corpi.jpg\",\"datePublished\":\"2025-06-09T19:34:35+00:00\",\"dateModified\":\"2025-11-11T13:13:09+00:00\",\"breadcrumb\":{\"@id\":\"https:\\\/\\\/venerala.org\\\/?eventi=corpi-e-politica-cosa-puo-uno-spazio#breadcrumb\"},\"inLanguage\":\"it-IT\",\"potentialAction\":[{\"@type\":\"ReadAction\",\"target\":[\"https:\\\/\\\/venerala.org\\\/?eventi=corpi-e-politica-cosa-puo-uno-spazio\"]}]},{\"@type\":\"ImageObject\",\"inLanguage\":\"it-IT\",\"@id\":\"https:\\\/\\\/venerala.org\\\/?eventi=corpi-e-politica-cosa-puo-uno-spazio#primaryimage\",\"url\":\"https:\\\/\\\/venerala.org\\\/wp-content\\\/uploads\\\/2025\\\/06\\\/corpi.jpg\",\"contentUrl\":\"https:\\\/\\\/venerala.org\\\/wp-content\\\/uploads\\\/2025\\\/06\\\/corpi.jpg\",\"width\":900,\"height\":675},{\"@type\":\"BreadcrumbList\",\"@id\":\"https:\\\/\\\/venerala.org\\\/?eventi=corpi-e-politica-cosa-puo-uno-spazio#breadcrumb\",\"itemListElement\":[{\"@type\":\"ListItem\",\"position\":1,\"name\":\"Home\",\"item\":\"https:\\\/\\\/venerala.org\\\/\"},{\"@type\":\"ListItem\",\"position\":2,\"name\":\"eventi\",\"item\":\"https:\\\/\\\/venerala.org\\\/?post_type=eventi\"},{\"@type\":\"ListItem\",\"position\":3,\"name\":\"Corpi e politica, cosa pu\u00f2 uno spazio?\"}]},{\"@type\":\"WebSite\",\"@id\":\"https:\\\/\\\/venerala.org\\\/#website\",\"url\":\"https:\\\/\\\/venerala.org\\\/\",\"name\":\"veneraLA\",\"description\":\"l&#039;odissea continua...\",\"publisher\":{\"@id\":\"https:\\\/\\\/venerala.org\\\/#organization\"},\"potentialAction\":[{\"@type\":\"SearchAction\",\"target\":{\"@type\":\"EntryPoint\",\"urlTemplate\":\"https:\\\/\\\/venerala.org\\\/?s={search_term_string}\"},\"query-input\":{\"@type\":\"PropertyValueSpecification\",\"valueRequired\":true,\"valueName\":\"search_term_string\"}}],\"inLanguage\":\"it-IT\"},{\"@type\":\"Organization\",\"@id\":\"https:\\\/\\\/venerala.org\\\/#organization\",\"name\":\"veneraLA\",\"url\":\"https:\\\/\\\/venerala.org\\\/\",\"logo\":{\"@type\":\"ImageObject\",\"inLanguage\":\"it-IT\",\"@id\":\"https:\\\/\\\/venerala.org\\\/#\\\/schema\\\/logo\\\/image\\\/\",\"url\":\"https:\\\/\\\/venerala.org\\\/wp-content\\\/uploads\\\/2025\\\/03\\\/favicon-venere-80.jpg\",\"contentUrl\":\"https:\\\/\\\/venerala.org\\\/wp-content\\\/uploads\\\/2025\\\/03\\\/favicon-venere-80.jpg\",\"width\":512,\"height\":512,\"caption\":\"veneraLA\"},\"image\":{\"@id\":\"https:\\\/\\\/venerala.org\\\/#\\\/schema\\\/logo\\\/image\\\/\"}}]}<\/script>\n<!-- \/ Yoast SEO plugin. -->","yoast_head_json":{"title":"Corpi e politica, cosa pu\u00f2 uno spazio? - Cecco Rivolta 2000-2025","robots":{"index":"index","follow":"follow","max-snippet":"max-snippet:-1","max-image-preview":"max-image-preview:large","max-video-preview":"max-video-preview:-1"},"canonical":"https:\/\/venerala.org\/?eventi=corpi-e-politica-cosa-puo-uno-spazio","og_locale":"it_IT","og_type":"article","og_title":"Corpi e politica, cosa pu\u00f2 uno spazio? - Cecco Rivolta 2000-2025","og_description":"Spazi che rifiutano la logica del possesso, relazioni che sfuggono alle gerarchie, corpi che resistono alle catalogazioni. Esperienze radicali che dimostrano: esistono modi di vivere oltre le norme.","og_url":"https:\/\/venerala.org\/?eventi=corpi-e-politica-cosa-puo-uno-spazio","og_site_name":"veneraLA","article_modified_time":"2025-11-11T13:13:09+00:00","og_image":[{"width":900,"height":675,"url":"https:\/\/venerala.org\/wp-content\/uploads\/2025\/06\/corpi.jpg","type":"image\/jpeg"}],"twitter_card":"summary_large_image","twitter_misc":{"Tempo di lettura stimato":"2 minuti"},"schema":{"@context":"https:\/\/schema.org","@graph":[{"@type":"WebPage","@id":"https:\/\/venerala.org\/?eventi=corpi-e-politica-cosa-puo-uno-spazio","url":"https:\/\/venerala.org\/?eventi=corpi-e-politica-cosa-puo-uno-spazio","name":"Corpi e politica, cosa pu\u00f2 uno spazio? - Cecco Rivolta 2000-2025","isPartOf":{"@id":"https:\/\/venerala.org\/#website"},"primaryImageOfPage":{"@id":"https:\/\/venerala.org\/?eventi=corpi-e-politica-cosa-puo-uno-spazio#primaryimage"},"image":{"@id":"https:\/\/venerala.org\/?eventi=corpi-e-politica-cosa-puo-uno-spazio#primaryimage"},"thumbnailUrl":"https:\/\/venerala.org\/wp-content\/uploads\/2025\/06\/corpi.jpg","datePublished":"2025-06-09T19:34:35+00:00","dateModified":"2025-11-11T13:13:09+00:00","breadcrumb":{"@id":"https:\/\/venerala.org\/?eventi=corpi-e-politica-cosa-puo-uno-spazio#breadcrumb"},"inLanguage":"it-IT","potentialAction":[{"@type":"ReadAction","target":["https:\/\/venerala.org\/?eventi=corpi-e-politica-cosa-puo-uno-spazio"]}]},{"@type":"ImageObject","inLanguage":"it-IT","@id":"https:\/\/venerala.org\/?eventi=corpi-e-politica-cosa-puo-uno-spazio#primaryimage","url":"https:\/\/venerala.org\/wp-content\/uploads\/2025\/06\/corpi.jpg","contentUrl":"https:\/\/venerala.org\/wp-content\/uploads\/2025\/06\/corpi.jpg","width":900,"height":675},{"@type":"BreadcrumbList","@id":"https:\/\/venerala.org\/?eventi=corpi-e-politica-cosa-puo-uno-spazio#breadcrumb","itemListElement":[{"@type":"ListItem","position":1,"name":"Home","item":"https:\/\/venerala.org\/"},{"@type":"ListItem","position":2,"name":"eventi","item":"https:\/\/venerala.org\/?post_type=eventi"},{"@type":"ListItem","position":3,"name":"Corpi e politica, cosa pu\u00f2 uno spazio?"}]},{"@type":"WebSite","@id":"https:\/\/venerala.org\/#website","url":"https:\/\/venerala.org\/","name":"veneraLA","description":"l&#039;odissea continua...","publisher":{"@id":"https:\/\/venerala.org\/#organization"},"potentialAction":[{"@type":"SearchAction","target":{"@type":"EntryPoint","urlTemplate":"https:\/\/venerala.org\/?s={search_term_string}"},"query-input":{"@type":"PropertyValueSpecification","valueRequired":true,"valueName":"search_term_string"}}],"inLanguage":"it-IT"},{"@type":"Organization","@id":"https:\/\/venerala.org\/#organization","name":"veneraLA","url":"https:\/\/venerala.org\/","logo":{"@type":"ImageObject","inLanguage":"it-IT","@id":"https:\/\/venerala.org\/#\/schema\/logo\/image\/","url":"https:\/\/venerala.org\/wp-content\/uploads\/2025\/03\/favicon-venere-80.jpg","contentUrl":"https:\/\/venerala.org\/wp-content\/uploads\/2025\/03\/favicon-venere-80.jpg","width":512,"height":512,"caption":"veneraLA"},"image":{"@id":"https:\/\/venerala.org\/#\/schema\/logo\/image\/"}}]}},"_links":{"self":[{"href":"https:\/\/venerala.org\/index.php?rest_route=\/wp\/v2\/eventi\/1712","targetHints":{"allow":["GET"]}}],"collection":[{"href":"https:\/\/venerala.org\/index.php?rest_route=\/wp\/v2\/eventi"}],"about":[{"href":"https:\/\/venerala.org\/index.php?rest_route=\/wp\/v2\/types\/eventi"}],"wp:featuredmedia":[{"embeddable":true,"href":"https:\/\/venerala.org\/index.php?rest_route=\/wp\/v2\/media\/1756"}],"wp:attachment":[{"href":"https:\/\/venerala.org\/index.php?rest_route=%2Fwp%2Fv2%2Fmedia&parent=1712"}],"wp:term":[{"taxonomy":"tipologia","embeddable":true,"href":"https:\/\/venerala.org\/index.php?rest_route=%2Fwp%2Fv2%2Ftipologia&post=1712"},{"taxonomy":"location","embeddable":true,"href":"https:\/\/venerala.org\/index.php?rest_route=%2Fwp%2Fv2%2Flocation&post=1712"},{"taxonomy":"giorno-evento","embeddable":true,"href":"https:\/\/venerala.org\/index.php?rest_route=%2Fwp%2Fv2%2Fgiorno-evento&post=1712"}],"curies":[{"name":"wp","href":"https:\/\/api.w.org\/{rel}","templated":true}]}}

Corpi e politica, cosa può uno spazio?

<p>Il corpo non è mai neutro. È un campo di battaglia, un archivio di violenze e desideri, una mappa di confini imposti e frontiere sfondate. Parlare di corpi oggi significa smascherare l&#8217;ipocrisia di un potere che li vuole docili: corpi divisi per genere, razza, classe; corpi medicalizzati, criminalizzati, resi merce o bandiera.</p>
<p>Attraverseremo la pelle per arrivare al cuore politico della questione: come trasformare il corpo da luogo di controllo a spazio di liberazione? Le leggi transfobiche, il pacchetto sicurezza, l&#8217;ossessione per la famiglia tradizionale convergono verso un obiettivo: disciplinare la carne. Come scrive Judith Butler, il corpo è sempre un fatto culturale, anche quando ci viene venduto come &#8220;natura&#8221;.</p>
<p>Spazi che rifiutano la logica del possesso, relazioni che sfuggono alle gerarchie, corpi che resistono alle catalogazioni. Esperienze radicali che dimostrano: esistono modi di vivere oltre le norme.</p>
<p>Silvia Federici ci ha insegnato che il capitalismo ha bisogno di corpi addomesticati. La nostra risposta è selvaggia: corpi che si riappropriano del piacere, del tempo, delle relazioni. Perché &#8211; come scrive Brigitte Vassallo &#8211; &#8220;l&#8217;amore è politico quando smette di essere privato&#8221;.</p>
<p>Dopo anni di lotte, il Cecco è ancora qui a chiedersi: quanto possiamo spogliarci, prima di trovare ciò che siamo davvero?</p>

<!-- This site is optimized with the Yoast SEO plugin v27.5 - https://yoast.com/product/yoast-seo-wordpress/ -->
<title>Corpi e politica, cosa può uno spazio? - Cecco Rivolta 2000-2025</title>
<meta name="robots" content="index, follow, max-snippet:-1, max-image-preview:large, max-video-preview:-1" />
<link rel="canonical" href="https://venerala.org/?eventi=corpi-e-politica-cosa-puo-uno-spazio" />
<meta property="og:locale" content="it_IT" />
<meta property="og:type" content="article" />
<meta property="og:title" content="Corpi e politica, cosa può uno spazio? - Cecco Rivolta 2000-2025" />
<meta property="og:description" content="Spazi che rifiutano la logica del possesso, relazioni che sfuggono alle gerarchie, corpi che resistono alle catalogazioni. Esperienze radicali che dimostrano: esistono modi di vivere oltre le norme." />
<meta property="og:url" content="https://venerala.org/?eventi=corpi-e-politica-cosa-puo-uno-spazio" />
<meta property="og:site_name" content="veneraLA" />
<meta property="article:modified_time" content="2025-11-11T13:13:09+00:00" />
<meta property="og:image" content="https://venerala.org/wp-content/uploads/2025/06/corpi.jpg" />
	<meta property="og:image:width" content="900" />
	<meta property="og:image:height" content="675" />
	<meta property="og:image:type" content="image/jpeg" />
<meta name="twitter:card" content="summary_large_image" />
<meta name="twitter:label1" content="Tempo di lettura stimato" />
	<meta name="twitter:data1" content="2 minuti" />
<script type="application/ld+json" class="yoast-schema-graph">{"@context":"https:\/\/schema.org","@graph":[{"@type":"WebPage","@id":"https:\/\/venerala.org\/?eventi=corpi-e-politica-cosa-puo-uno-spazio","url":"https:\/\/venerala.org\/?eventi=corpi-e-politica-cosa-puo-uno-spazio","name":"Corpi e politica, cosa può uno spazio? - Cecco Rivolta 2000-2025","isPartOf":{"@id":"https:\/\/venerala.org\/#website"},"primaryImageOfPage":{"@id":"https:\/\/venerala.org\/?eventi=corpi-e-politica-cosa-puo-uno-spazio#primaryimage"},"image":{"@id":"https:\/\/venerala.org\/?eventi=corpi-e-politica-cosa-puo-uno-spazio#primaryimage"},"thumbnailUrl":"https:\/\/venerala.org\/wp-content\/uploads\/2025\/06\/corpi.jpg","datePublished":"2025-06-09T19:34:35+00:00","dateModified":"2025-11-11T13:13:09+00:00","breadcrumb":{"@id":"https:\/\/venerala.org\/?eventi=corpi-e-politica-cosa-puo-uno-spazio#breadcrumb"},"inLanguage":"it-IT","potentialAction":[{"@type":"ReadAction","target":["https:\/\/venerala.org\/?eventi=corpi-e-politica-cosa-puo-uno-spazio"]}]},{"@type":"ImageObject","inLanguage":"it-IT","@id":"https:\/\/venerala.org\/?eventi=corpi-e-politica-cosa-puo-uno-spazio#primaryimage","url":"https:\/\/venerala.org\/wp-content\/uploads\/2025\/06\/corpi.jpg","contentUrl":"https:\/\/venerala.org\/wp-content\/uploads\/2025\/06\/corpi.jpg","width":900,"height":675},{"@type":"BreadcrumbList","@id":"https:\/\/venerala.org\/?eventi=corpi-e-politica-cosa-puo-uno-spazio#breadcrumb","itemListElement":[{"@type":"ListItem","position":1,"name":"Home","item":"https:\/\/venerala.org\/"},{"@type":"ListItem","position":2,"name":"eventi","item":"https:\/\/venerala.org\/?post_type=eventi"},{"@type":"ListItem","position":3,"name":"Corpi e politica, cosa può uno spazio?"}]},{"@type":"WebSite","@id":"https:\/\/venerala.org\/#website","url":"https:\/\/venerala.org\/","name":"veneraLA","description":"l&#039;odissea continua...","publisher":{"@id":"https:\/\/venerala.org\/#organization"},"potentialAction":[{"@type":"SearchAction","target":{"@type":"EntryPoint","urlTemplate":"https:\/\/venerala.org\/?s={search_term_string}"},"query-input":{"@type":"PropertyValueSpecification","valueRequired":true,"valueName":"search_term_string"}}],"inLanguage":"it-IT"},{"@type":"Organization","@id":"https:\/\/venerala.org\/#organization","name":"veneraLA","url":"https:\/\/venerala.org\/","logo":{"@type":"ImageObject","inLanguage":"it-IT","@id":"https:\/\/venerala.org\/#\/schema\/logo\/image\/","url":"https:\/\/venerala.org\/wp-content\/uploads\/2025\/03\/favicon-venere-80.jpg","contentUrl":"https:\/\/venerala.org\/wp-content\/uploads\/2025\/03\/favicon-venere-80.jpg","width":512,"height":512,"caption":"veneraLA"},"image":{"@id":"https:\/\/venerala.org\/#\/schema\/logo\/image\/"}}]}</script>
<!-- / Yoast SEO plugin. -->

Corpi e politica, cosa può uno spazio? - Cecco Rivolta 2000-2025
