{"id":1626,"date":"2025-06-05T23:47:17","date_gmt":"2025-06-05T21:47:17","guid":{"rendered":"https:\/\/venerala.org\/?post_type=eventi&#038;p=1626"},"modified":"2025-11-11T14:14:16","modified_gmt":"2025-11-11T13:14:16","slug":"perimetri","status":"publish","type":"eventi","link":"https:\/\/venerala.org\/?eventi=perimetri","title":{"rendered":"Perimetri"},"content":{"rendered":"<p class=\"p1\">Cosa succede quando proviamo a misurare il perimetro di una casa se la casa ha una storia collettiva? Lo spazio si dilata, occupa terze e quarte dimensioni, ingloba il passato, il presente ed il futuro. Ogni stanza ha una storia, porta i segni della mutazione, le ombre di ci\u00f2 che \u00e8 stata, i miraggi di cosa sta diventando. Lo spazio vissuto, complesso, stratificato, apre delle domande, ci interroga mentre racconta la sua storia.<\/p>\n<p class=\"p1\">Vi guideremo fra gli spazi della casa e del terreno su cui sorge. Sar\u00e0 un percorso fatto di frammenti. Ogni tappa racconter\u00e0 una storia legata a quel luogo, con i suoi protagonisti, i suoi conflitti e i suoi presunti finali. Ogni storia porter\u00e0 con se una domanda a cui cercheremo insieme di dare una risposta collettiva, temporanea e sfocata come il nostro futuro.<\/p>\n","protected":false},"excerpt":{"rendered":"<p>Un percorso guidato per rintracciare le geometrie di casa, che \u00e8 comunit\u00e0 espansa, alleanza di corpi e desiderio di mutualit\u00e0.<\/p>\n","protected":false},"featured_media":1629,"template":"","tipologia":[40,8],"location":[15],"giorno-evento":[19],"class_list":["post-1626","eventi","type-eventi","status-publish","has-post-thumbnail","hentry","tipologia-ceccorivolta","tipologia-talk","location-spazio-talk","giorno-evento-giovedi-26"],"acf":[],"yoast_head":"<!-- This site is optimized with the Yoast SEO plugin v27.5 - https:\/\/yoast.com\/product\/yoast-seo-wordpress\/ -->\n<title>Perimetri - Cecco Rivolta 2000-2025<\/title>\n<meta name=\"robots\" content=\"index, follow, max-snippet:-1, max-image-preview:large, max-video-preview:-1\" \/>\n<link rel=\"canonical\" href=\"https:\/\/venerala.org\/?eventi=perimetri\" \/>\n<meta property=\"og:locale\" content=\"it_IT\" \/>\n<meta property=\"og:type\" content=\"article\" \/>\n<meta property=\"og:title\" content=\"Perimetri - Cecco Rivolta 2000-2025\" \/>\n<meta property=\"og:description\" content=\"Un percorso guidato per rintracciare le geometrie di casa, che \u00e8 comunit\u00e0 espansa, alleanza di corpi e desiderio di mutualit\u00e0.\" \/>\n<meta property=\"og:url\" content=\"https:\/\/venerala.org\/?eventi=perimetri\" \/>\n<meta property=\"og:site_name\" content=\"veneraLA\" \/>\n<meta property=\"article:modified_time\" content=\"2025-11-11T13:14:16+00:00\" \/>\n<meta property=\"og:image\" content=\"https:\/\/venerala.org\/wp-content\/uploads\/2025\/06\/loghi-p5-perimetri-80.jpg\" \/>\n\t<meta property=\"og:image:width\" content=\"900\" \/>\n\t<meta property=\"og:image:height\" content=\"768\" \/>\n\t<meta property=\"og:image:type\" content=\"image\/jpeg\" \/>\n<meta name=\"twitter:card\" content=\"summary_large_image\" \/>\n<meta name=\"twitter:label1\" content=\"Tempo di lettura stimato\" \/>\n\t<meta name=\"twitter:data1\" content=\"1 minuto\" \/>\n<script type=\"application\/ld+json\" class=\"yoast-schema-graph\">{\"@context\":\"https:\\\/\\\/schema.org\",\"@graph\":[{\"@type\":\"WebPage\",\"@id\":\"https:\\\/\\\/venerala.org\\\/?eventi=perimetri\",\"url\":\"https:\\\/\\\/venerala.org\\\/?eventi=perimetri\",\"name\":\"Perimetri - Cecco Rivolta 2000-2025\",\"isPartOf\":{\"@id\":\"https:\\\/\\\/venerala.org\\\/#website\"},\"primaryImageOfPage\":{\"@id\":\"https:\\\/\\\/venerala.org\\\/?eventi=perimetri#primaryimage\"},\"image\":{\"@id\":\"https:\\\/\\\/venerala.org\\\/?eventi=perimetri#primaryimage\"},\"thumbnailUrl\":\"https:\\\/\\\/venerala.org\\\/wp-content\\\/uploads\\\/2025\\\/06\\\/loghi-p5-perimetri-80.jpg\",\"datePublished\":\"2025-06-05T21:47:17+00:00\",\"dateModified\":\"2025-11-11T13:14:16+00:00\",\"breadcrumb\":{\"@id\":\"https:\\\/\\\/venerala.org\\\/?eventi=perimetri#breadcrumb\"},\"inLanguage\":\"it-IT\",\"potentialAction\":[{\"@type\":\"ReadAction\",\"target\":[\"https:\\\/\\\/venerala.org\\\/?eventi=perimetri\"]}]},{\"@type\":\"ImageObject\",\"inLanguage\":\"it-IT\",\"@id\":\"https:\\\/\\\/venerala.org\\\/?eventi=perimetri#primaryimage\",\"url\":\"https:\\\/\\\/venerala.org\\\/wp-content\\\/uploads\\\/2025\\\/06\\\/loghi-p5-perimetri-80.jpg\",\"contentUrl\":\"https:\\\/\\\/venerala.org\\\/wp-content\\\/uploads\\\/2025\\\/06\\\/loghi-p5-perimetri-80.jpg\",\"width\":900,\"height\":768},{\"@type\":\"BreadcrumbList\",\"@id\":\"https:\\\/\\\/venerala.org\\\/?eventi=perimetri#breadcrumb\",\"itemListElement\":[{\"@type\":\"ListItem\",\"position\":1,\"name\":\"Home\",\"item\":\"https:\\\/\\\/venerala.org\\\/\"},{\"@type\":\"ListItem\",\"position\":2,\"name\":\"eventi\",\"item\":\"https:\\\/\\\/venerala.org\\\/?post_type=eventi\"},{\"@type\":\"ListItem\",\"position\":3,\"name\":\"Perimetri\"}]},{\"@type\":\"WebSite\",\"@id\":\"https:\\\/\\\/venerala.org\\\/#website\",\"url\":\"https:\\\/\\\/venerala.org\\\/\",\"name\":\"veneraLA\",\"description\":\"l&#039;odissea continua...\",\"publisher\":{\"@id\":\"https:\\\/\\\/venerala.org\\\/#organization\"},\"potentialAction\":[{\"@type\":\"SearchAction\",\"target\":{\"@type\":\"EntryPoint\",\"urlTemplate\":\"https:\\\/\\\/venerala.org\\\/?s={search_term_string}\"},\"query-input\":{\"@type\":\"PropertyValueSpecification\",\"valueRequired\":true,\"valueName\":\"search_term_string\"}}],\"inLanguage\":\"it-IT\"},{\"@type\":\"Organization\",\"@id\":\"https:\\\/\\\/venerala.org\\\/#organization\",\"name\":\"veneraLA\",\"url\":\"https:\\\/\\\/venerala.org\\\/\",\"logo\":{\"@type\":\"ImageObject\",\"inLanguage\":\"it-IT\",\"@id\":\"https:\\\/\\\/venerala.org\\\/#\\\/schema\\\/logo\\\/image\\\/\",\"url\":\"https:\\\/\\\/venerala.org\\\/wp-content\\\/uploads\\\/2025\\\/03\\\/favicon-venere-80.jpg\",\"contentUrl\":\"https:\\\/\\\/venerala.org\\\/wp-content\\\/uploads\\\/2025\\\/03\\\/favicon-venere-80.jpg\",\"width\":512,\"height\":512,\"caption\":\"veneraLA\"},\"image\":{\"@id\":\"https:\\\/\\\/venerala.org\\\/#\\\/schema\\\/logo\\\/image\\\/\"}}]}<\/script>\n<!-- \/ Yoast SEO plugin. -->","yoast_head_json":{"title":"Perimetri - Cecco Rivolta 2000-2025","robots":{"index":"index","follow":"follow","max-snippet":"max-snippet:-1","max-image-preview":"max-image-preview:large","max-video-preview":"max-video-preview:-1"},"canonical":"https:\/\/venerala.org\/?eventi=perimetri","og_locale":"it_IT","og_type":"article","og_title":"Perimetri - Cecco Rivolta 2000-2025","og_description":"Un percorso guidato per rintracciare le geometrie di casa, che \u00e8 comunit\u00e0 espansa, alleanza di corpi e desiderio di mutualit\u00e0.","og_url":"https:\/\/venerala.org\/?eventi=perimetri","og_site_name":"veneraLA","article_modified_time":"2025-11-11T13:14:16+00:00","og_image":[{"width":900,"height":768,"url":"https:\/\/venerala.org\/wp-content\/uploads\/2025\/06\/loghi-p5-perimetri-80.jpg","type":"image\/jpeg"}],"twitter_card":"summary_large_image","twitter_misc":{"Tempo di lettura stimato":"1 minuto"},"schema":{"@context":"https:\/\/schema.org","@graph":[{"@type":"WebPage","@id":"https:\/\/venerala.org\/?eventi=perimetri","url":"https:\/\/venerala.org\/?eventi=perimetri","name":"Perimetri - Cecco Rivolta 2000-2025","isPartOf":{"@id":"https:\/\/venerala.org\/#website"},"primaryImageOfPage":{"@id":"https:\/\/venerala.org\/?eventi=perimetri#primaryimage"},"image":{"@id":"https:\/\/venerala.org\/?eventi=perimetri#primaryimage"},"thumbnailUrl":"https:\/\/venerala.org\/wp-content\/uploads\/2025\/06\/loghi-p5-perimetri-80.jpg","datePublished":"2025-06-05T21:47:17+00:00","dateModified":"2025-11-11T13:14:16+00:00","breadcrumb":{"@id":"https:\/\/venerala.org\/?eventi=perimetri#breadcrumb"},"inLanguage":"it-IT","potentialAction":[{"@type":"ReadAction","target":["https:\/\/venerala.org\/?eventi=perimetri"]}]},{"@type":"ImageObject","inLanguage":"it-IT","@id":"https:\/\/venerala.org\/?eventi=perimetri#primaryimage","url":"https:\/\/venerala.org\/wp-content\/uploads\/2025\/06\/loghi-p5-perimetri-80.jpg","contentUrl":"https:\/\/venerala.org\/wp-content\/uploads\/2025\/06\/loghi-p5-perimetri-80.jpg","width":900,"height":768},{"@type":"BreadcrumbList","@id":"https:\/\/venerala.org\/?eventi=perimetri#breadcrumb","itemListElement":[{"@type":"ListItem","position":1,"name":"Home","item":"https:\/\/venerala.org\/"},{"@type":"ListItem","position":2,"name":"eventi","item":"https:\/\/venerala.org\/?post_type=eventi"},{"@type":"ListItem","position":3,"name":"Perimetri"}]},{"@type":"WebSite","@id":"https:\/\/venerala.org\/#website","url":"https:\/\/venerala.org\/","name":"veneraLA","description":"l&#039;odissea continua...","publisher":{"@id":"https:\/\/venerala.org\/#organization"},"potentialAction":[{"@type":"SearchAction","target":{"@type":"EntryPoint","urlTemplate":"https:\/\/venerala.org\/?s={search_term_string}"},"query-input":{"@type":"PropertyValueSpecification","valueRequired":true,"valueName":"search_term_string"}}],"inLanguage":"it-IT"},{"@type":"Organization","@id":"https:\/\/venerala.org\/#organization","name":"veneraLA","url":"https:\/\/venerala.org\/","logo":{"@type":"ImageObject","inLanguage":"it-IT","@id":"https:\/\/venerala.org\/#\/schema\/logo\/image\/","url":"https:\/\/venerala.org\/wp-content\/uploads\/2025\/03\/favicon-venere-80.jpg","contentUrl":"https:\/\/venerala.org\/wp-content\/uploads\/2025\/03\/favicon-venere-80.jpg","width":512,"height":512,"caption":"veneraLA"},"image":{"@id":"https:\/\/venerala.org\/#\/schema\/logo\/image\/"}}]}},"_links":{"self":[{"href":"https:\/\/venerala.org\/index.php?rest_route=\/wp\/v2\/eventi\/1626","targetHints":{"allow":["GET"]}}],"collection":[{"href":"https:\/\/venerala.org\/index.php?rest_route=\/wp\/v2\/eventi"}],"about":[{"href":"https:\/\/venerala.org\/index.php?rest_route=\/wp\/v2\/types\/eventi"}],"wp:featuredmedia":[{"embeddable":true,"href":"https:\/\/venerala.org\/index.php?rest_route=\/wp\/v2\/media\/1629"}],"wp:attachment":[{"href":"https:\/\/venerala.org\/index.php?rest_route=%2Fwp%2Fv2%2Fmedia&parent=1626"}],"wp:term":[{"taxonomy":"tipologia","embeddable":true,"href":"https:\/\/venerala.org\/index.php?rest_route=%2Fwp%2Fv2%2Ftipologia&post=1626"},{"taxonomy":"location","embeddable":true,"href":"https:\/\/venerala.org\/index.php?rest_route=%2Fwp%2Fv2%2Flocation&post=1626"},{"taxonomy":"giorno-evento","embeddable":true,"href":"https:\/\/venerala.org\/index.php?rest_route=%2Fwp%2Fv2%2Fgiorno-evento&post=1626"}],"curies":[{"name":"wp","href":"https:\/\/api.w.org\/{rel}","templated":true}]}}

<p class="p1">Cosa succede quando proviamo a misurare il perimetro di una casa se la casa ha una storia collettiva? Lo spazio si dilata, occupa terze e quarte dimensioni, ingloba il passato, il presente ed il futuro. Ogni stanza ha una storia, porta i segni della mutazione, le ombre di ciò che è stata, i miraggi di cosa sta diventando. Lo spazio vissuto, complesso, stratificato, apre delle domande, ci interroga mentre racconta la sua storia.</p>
<p class="p1">Vi guideremo fra gli spazi della casa e del terreno su cui sorge. Sarà un percorso fatto di frammenti. Ogni tappa racconterà una storia legata a quel luogo, con i suoi protagonisti, i suoi conflitti e i suoi presunti finali. Ogni storia porterà con se una domanda a cui cercheremo insieme di dare una risposta collettiva, temporanea e sfocata come il nostro futuro.</p>

<p>Un percorso guidato per rintracciare le geometrie di casa, che è comunità espansa, alleanza di corpi e desiderio di mutualità.</p>

<!-- This site is optimized with the Yoast SEO plugin v27.5 - https://yoast.com/product/yoast-seo-wordpress/ -->
<title>Perimetri - Cecco Rivolta 2000-2025</title>
<meta name="robots" content="index, follow, max-snippet:-1, max-image-preview:large, max-video-preview:-1" />
<link rel="canonical" href="https://venerala.org/?eventi=perimetri" />
<meta property="og:locale" content="it_IT" />
<meta property="og:type" content="article" />
<meta property="og:title" content="Perimetri - Cecco Rivolta 2000-2025" />
<meta property="og:description" content="Un percorso guidato per rintracciare le geometrie di casa, che è comunità espansa, alleanza di corpi e desiderio di mutualità." />
<meta property="og:url" content="https://venerala.org/?eventi=perimetri" />
<meta property="og:site_name" content="veneraLA" />
<meta property="article:modified_time" content="2025-11-11T13:14:16+00:00" />
<meta property="og:image" content="https://venerala.org/wp-content/uploads/2025/06/loghi-p5-perimetri-80.jpg" />
	<meta property="og:image:width" content="900" />
	<meta property="og:image:height" content="768" />
	<meta property="og:image:type" content="image/jpeg" />
<meta name="twitter:card" content="summary_large_image" />
<meta name="twitter:label1" content="Tempo di lettura stimato" />
	<meta name="twitter:data1" content="1 minuto" />
<script type="application/ld+json" class="yoast-schema-graph">{"@context":"https:\/\/schema.org","@graph":[{"@type":"WebPage","@id":"https:\/\/venerala.org\/?eventi=perimetri","url":"https:\/\/venerala.org\/?eventi=perimetri","name":"Perimetri - Cecco Rivolta 2000-2025","isPartOf":{"@id":"https:\/\/venerala.org\/#website"},"primaryImageOfPage":{"@id":"https:\/\/venerala.org\/?eventi=perimetri#primaryimage"},"image":{"@id":"https:\/\/venerala.org\/?eventi=perimetri#primaryimage"},"thumbnailUrl":"https:\/\/venerala.org\/wp-content\/uploads\/2025\/06\/loghi-p5-perimetri-80.jpg","datePublished":"2025-06-05T21:47:17+00:00","dateModified":"2025-11-11T13:14:16+00:00","breadcrumb":{"@id":"https:\/\/venerala.org\/?eventi=perimetri#breadcrumb"},"inLanguage":"it-IT","potentialAction":[{"@type":"ReadAction","target":["https:\/\/venerala.org\/?eventi=perimetri"]}]},{"@type":"ImageObject","inLanguage":"it-IT","@id":"https:\/\/venerala.org\/?eventi=perimetri#primaryimage","url":"https:\/\/venerala.org\/wp-content\/uploads\/2025\/06\/loghi-p5-perimetri-80.jpg","contentUrl":"https:\/\/venerala.org\/wp-content\/uploads\/2025\/06\/loghi-p5-perimetri-80.jpg","width":900,"height":768},{"@type":"BreadcrumbList","@id":"https:\/\/venerala.org\/?eventi=perimetri#breadcrumb","itemListElement":[{"@type":"ListItem","position":1,"name":"Home","item":"https:\/\/venerala.org\/"},{"@type":"ListItem","position":2,"name":"eventi","item":"https:\/\/venerala.org\/?post_type=eventi"},{"@type":"ListItem","position":3,"name":"Perimetri"}]},{"@type":"WebSite","@id":"https:\/\/venerala.org\/#website","url":"https:\/\/venerala.org\/","name":"veneraLA","description":"l&#039;odissea continua...","publisher":{"@id":"https:\/\/venerala.org\/#organization"},"potentialAction":[{"@type":"SearchAction","target":{"@type":"EntryPoint","urlTemplate":"https:\/\/venerala.org\/?s={search_term_string}"},"query-input":{"@type":"PropertyValueSpecification","valueRequired":true,"valueName":"search_term_string"}}],"inLanguage":"it-IT"},{"@type":"Organization","@id":"https:\/\/venerala.org\/#organization","name":"veneraLA","url":"https:\/\/venerala.org\/","logo":{"@type":"ImageObject","inLanguage":"it-IT","@id":"https:\/\/venerala.org\/#\/schema\/logo\/image\/","url":"https:\/\/venerala.org\/wp-content\/uploads\/2025\/03\/favicon-venere-80.jpg","contentUrl":"https:\/\/venerala.org\/wp-content\/uploads\/2025\/03\/favicon-venere-80.jpg","width":512,"height":512,"caption":"veneraLA"},"image":{"@id":"https:\/\/venerala.org\/#\/schema\/logo\/image\/"}}]}</script>
<!-- / Yoast SEO plugin. -->

Un percorso guidato per rintracciare le geometrie di casa, che è comunità espansa, alleanza di corpi e desiderio di mutualità.
