{"id":1578,"date":"2025-05-28T23:25:49","date_gmt":"2025-05-28T21:25:49","guid":{"rendered":"https:\/\/venerala.org\/?post_type=eventi&#038;p=1578"},"modified":"2025-11-11T14:14:46","modified_gmt":"2025-11-11T13:14:46","slug":"lotte-situate","status":"publish","type":"eventi","link":"https:\/\/venerala.org\/?eventi=lotte-situate","title":{"rendered":"Lotte situate"},"content":{"rendered":"<p>Il desiderio di parlare di \u201clotte situate\u201d \u00e8 quello di (ri)trovare una forza e un orizzonte comune su cosa significhi, oggi, locale e territorio. Il suggerimento \u00e8 vedere un sentiero tracciato dall\u2019opposizione alle grandi opere strategiche, al disboscamento e ai progetti di riconfigurazione del territorio, nonch\u00e9 all\u2019ampliamento di basi militari. Un\u2019indicazione che ci arriva da queste lotte \u00e8 la necessit\u00e0 di riflettere su che cosa significhi abitare luoghi considerati \u201cmarginali\u201d, e perci\u00f2 votati a essere bacini per estrarre energia e forza lavoro. Nel Mugello, dove ha ripreso vita e nuova energia la lotta contro l\u2019impianto eolico industriale di Monte Giogo di Villore, la sfida \u00e8 opporsi all\u2019ennesimo progetto devastatore anche abitando la montagna in forme differenti (nei giorni passati sul crinale a ricostruire i bivacchi, ci siamo scambiate tecniche e saperi \u2013 chi proveniente dalle citt\u00e0 vicine, chi abituata a coltivare la terra, chi conoscitore dei segreti della montagna). Questo ci sembra prezioso per &#8220;rianimare&#8221; la nostra idea di abitare, evitando di costringerla in false dicotomie (una su tutte quella citt\u00e0-campagna) per renderla pi\u00f9 nomade, pi\u00f9 varia e trasmutabile, capace di far esistere nuove forme comuni. Potrebbe darci la possibilit\u00e0 di leggere insieme l&#8217;opposizione alla guerra, la diserzione, la costruzione di altri mondi.<br \/>\nVerso il campeggio 2-6 luglio 2025!<br \/>\nTelegram @SiamoMontagna<\/p>\n","protected":false},"excerpt":{"rendered":"<p>Il desiderio di parlare di \u201clotte situate\u201d \u00e8 quello di (ri)trovare una forza e un orizzonte comune su cosa significhi, oggi, locale e territorio.<\/p>\n","protected":false},"featured_media":1649,"template":"","tipologia":[40,8],"location":[13],"giorno-evento":[19],"class_list":["post-1578","eventi","type-eventi","status-publish","has-post-thumbnail","hentry","tipologia-ceccorivolta","tipologia-talk","location-uliveta","giorno-evento-giovedi-26"],"acf":[],"yoast_head":"<!-- This site is optimized with the Yoast SEO plugin v27.5 - https:\/\/yoast.com\/product\/yoast-seo-wordpress\/ -->\n<title>Lotte situate - veneraLA<\/title>\n<meta name=\"robots\" content=\"index, follow, max-snippet:-1, max-image-preview:large, max-video-preview:-1\" \/>\n<link rel=\"canonical\" href=\"https:\/\/venerala.org\/?eventi=lotte-situate\" \/>\n<meta property=\"og:locale\" content=\"it_IT\" \/>\n<meta property=\"og:type\" content=\"article\" \/>\n<meta property=\"og:title\" content=\"Lotte situate - veneraLA\" \/>\n<meta property=\"og:description\" content=\"Il desiderio di parlare di \u201clotte situate\u201d \u00e8 quello di (ri)trovare una forza e un orizzonte comune su cosa significhi, oggi, locale e territorio.\" \/>\n<meta property=\"og:url\" content=\"https:\/\/venerala.org\/?eventi=lotte-situate\" \/>\n<meta property=\"og:site_name\" content=\"veneraLA\" \/>\n<meta property=\"article:modified_time\" content=\"2025-11-11T13:14:46+00:00\" \/>\n<meta property=\"og:image\" content=\"https:\/\/venerala.org\/wp-content\/uploads\/2025\/05\/lotte-situate.jpg\" \/>\n\t<meta property=\"og:image:width\" content=\"900\" \/>\n\t<meta property=\"og:image:height\" content=\"675\" \/>\n\t<meta property=\"og:image:type\" content=\"image\/jpeg\" \/>\n<meta name=\"twitter:card\" content=\"summary_large_image\" \/>\n<meta name=\"twitter:label1\" content=\"Tempo di lettura stimato\" \/>\n\t<meta name=\"twitter:data1\" content=\"2 minuti\" \/>\n<script type=\"application\/ld+json\" class=\"yoast-schema-graph\">{\"@context\":\"https:\\\/\\\/schema.org\",\"@graph\":[{\"@type\":\"WebPage\",\"@id\":\"https:\\\/\\\/venerala.org\\\/?eventi=lotte-situate\",\"url\":\"https:\\\/\\\/venerala.org\\\/?eventi=lotte-situate\",\"name\":\"Lotte situate - veneraLA\",\"isPartOf\":{\"@id\":\"https:\\\/\\\/venerala.org\\\/#website\"},\"primaryImageOfPage\":{\"@id\":\"https:\\\/\\\/venerala.org\\\/?eventi=lotte-situate#primaryimage\"},\"image\":{\"@id\":\"https:\\\/\\\/venerala.org\\\/?eventi=lotte-situate#primaryimage\"},\"thumbnailUrl\":\"https:\\\/\\\/venerala.org\\\/wp-content\\\/uploads\\\/2025\\\/05\\\/lotte-situate.jpg\",\"datePublished\":\"2025-05-28T21:25:49+00:00\",\"dateModified\":\"2025-11-11T13:14:46+00:00\",\"breadcrumb\":{\"@id\":\"https:\\\/\\\/venerala.org\\\/?eventi=lotte-situate#breadcrumb\"},\"inLanguage\":\"it-IT\",\"potentialAction\":[{\"@type\":\"ReadAction\",\"target\":[\"https:\\\/\\\/venerala.org\\\/?eventi=lotte-situate\"]}]},{\"@type\":\"ImageObject\",\"inLanguage\":\"it-IT\",\"@id\":\"https:\\\/\\\/venerala.org\\\/?eventi=lotte-situate#primaryimage\",\"url\":\"https:\\\/\\\/venerala.org\\\/wp-content\\\/uploads\\\/2025\\\/05\\\/lotte-situate.jpg\",\"contentUrl\":\"https:\\\/\\\/venerala.org\\\/wp-content\\\/uploads\\\/2025\\\/05\\\/lotte-situate.jpg\",\"width\":900,\"height\":675},{\"@type\":\"BreadcrumbList\",\"@id\":\"https:\\\/\\\/venerala.org\\\/?eventi=lotte-situate#breadcrumb\",\"itemListElement\":[{\"@type\":\"ListItem\",\"position\":1,\"name\":\"Home\",\"item\":\"https:\\\/\\\/venerala.org\\\/\"},{\"@type\":\"ListItem\",\"position\":2,\"name\":\"eventi\",\"item\":\"https:\\\/\\\/venerala.org\\\/?post_type=eventi\"},{\"@type\":\"ListItem\",\"position\":3,\"name\":\"Lotte situate\"}]},{\"@type\":\"WebSite\",\"@id\":\"https:\\\/\\\/venerala.org\\\/#website\",\"url\":\"https:\\\/\\\/venerala.org\\\/\",\"name\":\"veneraLA\",\"description\":\"l&#039;odissea continua...\",\"publisher\":{\"@id\":\"https:\\\/\\\/venerala.org\\\/#organization\"},\"potentialAction\":[{\"@type\":\"SearchAction\",\"target\":{\"@type\":\"EntryPoint\",\"urlTemplate\":\"https:\\\/\\\/venerala.org\\\/?s={search_term_string}\"},\"query-input\":{\"@type\":\"PropertyValueSpecification\",\"valueRequired\":true,\"valueName\":\"search_term_string\"}}],\"inLanguage\":\"it-IT\"},{\"@type\":\"Organization\",\"@id\":\"https:\\\/\\\/venerala.org\\\/#organization\",\"name\":\"veneraLA\",\"url\":\"https:\\\/\\\/venerala.org\\\/\",\"logo\":{\"@type\":\"ImageObject\",\"inLanguage\":\"it-IT\",\"@id\":\"https:\\\/\\\/venerala.org\\\/#\\\/schema\\\/logo\\\/image\\\/\",\"url\":\"https:\\\/\\\/venerala.org\\\/wp-content\\\/uploads\\\/2025\\\/03\\\/favicon-venere-80.jpg\",\"contentUrl\":\"https:\\\/\\\/venerala.org\\\/wp-content\\\/uploads\\\/2025\\\/03\\\/favicon-venere-80.jpg\",\"width\":512,\"height\":512,\"caption\":\"veneraLA\"},\"image\":{\"@id\":\"https:\\\/\\\/venerala.org\\\/#\\\/schema\\\/logo\\\/image\\\/\"}}]}<\/script>\n<!-- \/ Yoast SEO plugin. -->","yoast_head_json":{"title":"Lotte situate - veneraLA","robots":{"index":"index","follow":"follow","max-snippet":"max-snippet:-1","max-image-preview":"max-image-preview:large","max-video-preview":"max-video-preview:-1"},"canonical":"https:\/\/venerala.org\/?eventi=lotte-situate","og_locale":"it_IT","og_type":"article","og_title":"Lotte situate - veneraLA","og_description":"Il desiderio di parlare di \u201clotte situate\u201d \u00e8 quello di (ri)trovare una forza e un orizzonte comune su cosa significhi, oggi, locale e territorio.","og_url":"https:\/\/venerala.org\/?eventi=lotte-situate","og_site_name":"veneraLA","article_modified_time":"2025-11-11T13:14:46+00:00","og_image":[{"width":900,"height":675,"url":"https:\/\/venerala.org\/wp-content\/uploads\/2025\/05\/lotte-situate.jpg","type":"image\/jpeg"}],"twitter_card":"summary_large_image","twitter_misc":{"Tempo di lettura stimato":"2 minuti"},"schema":{"@context":"https:\/\/schema.org","@graph":[{"@type":"WebPage","@id":"https:\/\/venerala.org\/?eventi=lotte-situate","url":"https:\/\/venerala.org\/?eventi=lotte-situate","name":"Lotte situate - veneraLA","isPartOf":{"@id":"https:\/\/venerala.org\/#website"},"primaryImageOfPage":{"@id":"https:\/\/venerala.org\/?eventi=lotte-situate#primaryimage"},"image":{"@id":"https:\/\/venerala.org\/?eventi=lotte-situate#primaryimage"},"thumbnailUrl":"https:\/\/venerala.org\/wp-content\/uploads\/2025\/05\/lotte-situate.jpg","datePublished":"2025-05-28T21:25:49+00:00","dateModified":"2025-11-11T13:14:46+00:00","breadcrumb":{"@id":"https:\/\/venerala.org\/?eventi=lotte-situate#breadcrumb"},"inLanguage":"it-IT","potentialAction":[{"@type":"ReadAction","target":["https:\/\/venerala.org\/?eventi=lotte-situate"]}]},{"@type":"ImageObject","inLanguage":"it-IT","@id":"https:\/\/venerala.org\/?eventi=lotte-situate#primaryimage","url":"https:\/\/venerala.org\/wp-content\/uploads\/2025\/05\/lotte-situate.jpg","contentUrl":"https:\/\/venerala.org\/wp-content\/uploads\/2025\/05\/lotte-situate.jpg","width":900,"height":675},{"@type":"BreadcrumbList","@id":"https:\/\/venerala.org\/?eventi=lotte-situate#breadcrumb","itemListElement":[{"@type":"ListItem","position":1,"name":"Home","item":"https:\/\/venerala.org\/"},{"@type":"ListItem","position":2,"name":"eventi","item":"https:\/\/venerala.org\/?post_type=eventi"},{"@type":"ListItem","position":3,"name":"Lotte situate"}]},{"@type":"WebSite","@id":"https:\/\/venerala.org\/#website","url":"https:\/\/venerala.org\/","name":"veneraLA","description":"l&#039;odissea continua...","publisher":{"@id":"https:\/\/venerala.org\/#organization"},"potentialAction":[{"@type":"SearchAction","target":{"@type":"EntryPoint","urlTemplate":"https:\/\/venerala.org\/?s={search_term_string}"},"query-input":{"@type":"PropertyValueSpecification","valueRequired":true,"valueName":"search_term_string"}}],"inLanguage":"it-IT"},{"@type":"Organization","@id":"https:\/\/venerala.org\/#organization","name":"veneraLA","url":"https:\/\/venerala.org\/","logo":{"@type":"ImageObject","inLanguage":"it-IT","@id":"https:\/\/venerala.org\/#\/schema\/logo\/image\/","url":"https:\/\/venerala.org\/wp-content\/uploads\/2025\/03\/favicon-venere-80.jpg","contentUrl":"https:\/\/venerala.org\/wp-content\/uploads\/2025\/03\/favicon-venere-80.jpg","width":512,"height":512,"caption":"veneraLA"},"image":{"@id":"https:\/\/venerala.org\/#\/schema\/logo\/image\/"}}]}},"_links":{"self":[{"href":"https:\/\/venerala.org\/index.php?rest_route=\/wp\/v2\/eventi\/1578","targetHints":{"allow":["GET"]}}],"collection":[{"href":"https:\/\/venerala.org\/index.php?rest_route=\/wp\/v2\/eventi"}],"about":[{"href":"https:\/\/venerala.org\/index.php?rest_route=\/wp\/v2\/types\/eventi"}],"wp:featuredmedia":[{"embeddable":true,"href":"https:\/\/venerala.org\/index.php?rest_route=\/wp\/v2\/media\/1649"}],"wp:attachment":[{"href":"https:\/\/venerala.org\/index.php?rest_route=%2Fwp%2Fv2%2Fmedia&parent=1578"}],"wp:term":[{"taxonomy":"tipologia","embeddable":true,"href":"https:\/\/venerala.org\/index.php?rest_route=%2Fwp%2Fv2%2Ftipologia&post=1578"},{"taxonomy":"location","embeddable":true,"href":"https:\/\/venerala.org\/index.php?rest_route=%2Fwp%2Fv2%2Flocation&post=1578"},{"taxonomy":"giorno-evento","embeddable":true,"href":"https:\/\/venerala.org\/index.php?rest_route=%2Fwp%2Fv2%2Fgiorno-evento&post=1578"}],"curies":[{"name":"wp","href":"https:\/\/api.w.org\/{rel}","templated":true}]}}

<p>Il desiderio di parlare di “lotte situate” è quello di (ri)trovare una forza e un orizzonte comune su cosa significhi, oggi, locale e territorio. Il suggerimento è vedere un sentiero tracciato dall’opposizione alle grandi opere strategiche, al disboscamento e ai progetti di riconfigurazione del territorio, nonché all’ampliamento di basi militari. Un’indicazione che ci arriva da queste lotte è la necessità di riflettere su che cosa significhi abitare luoghi considerati “marginali”, e perciò votati a essere bacini per estrarre energia e forza lavoro. Nel Mugello, dove ha ripreso vita e nuova energia la lotta contro l’impianto eolico industriale di Monte Giogo di Villore, la sfida è opporsi all’ennesimo progetto devastatore anche abitando la montagna in forme differenti (nei giorni passati sul crinale a ricostruire i bivacchi, ci siamo scambiate tecniche e saperi – chi proveniente dalle città vicine, chi abituata a coltivare la terra, chi conoscitore dei segreti della montagna). Questo ci sembra prezioso per &#8220;rianimare&#8221; la nostra idea di abitare, evitando di costringerla in false dicotomie (una su tutte quella città-campagna) per renderla più nomade, più varia e trasmutabile, capace di far esistere nuove forme comuni. Potrebbe darci la possibilità di leggere insieme l&#8217;opposizione alla guerra, la diserzione, la costruzione di altri mondi.<br />
Verso il campeggio 2-6 luglio 2025!<br />
Telegram @SiamoMontagna</p>

<p>Il desiderio di parlare di “lotte situate” è quello di (ri)trovare una forza e un orizzonte comune su cosa significhi, oggi, locale e territorio.</p>

<!-- This site is optimized with the Yoast SEO plugin v27.5 - https://yoast.com/product/yoast-seo-wordpress/ -->
<title>Lotte situate - veneraLA</title>
<meta name="robots" content="index, follow, max-snippet:-1, max-image-preview:large, max-video-preview:-1" />
<link rel="canonical" href="https://venerala.org/?eventi=lotte-situate" />
<meta property="og:locale" content="it_IT" />
<meta property="og:type" content="article" />
<meta property="og:title" content="Lotte situate - veneraLA" />
<meta property="og:description" content="Il desiderio di parlare di “lotte situate” è quello di (ri)trovare una forza e un orizzonte comune su cosa significhi, oggi, locale e territorio." />
<meta property="og:url" content="https://venerala.org/?eventi=lotte-situate" />
<meta property="og:site_name" content="veneraLA" />
<meta property="article:modified_time" content="2025-11-11T13:14:46+00:00" />
<meta property="og:image" content="https://venerala.org/wp-content/uploads/2025/05/lotte-situate.jpg" />
	<meta property="og:image:width" content="900" />
	<meta property="og:image:height" content="675" />
	<meta property="og:image:type" content="image/jpeg" />
<meta name="twitter:card" content="summary_large_image" />
<meta name="twitter:label1" content="Tempo di lettura stimato" />
	<meta name="twitter:data1" content="2 minuti" />
<script type="application/ld+json" class="yoast-schema-graph">{"@context":"https:\/\/schema.org","@graph":[{"@type":"WebPage","@id":"https:\/\/venerala.org\/?eventi=lotte-situate","url":"https:\/\/venerala.org\/?eventi=lotte-situate","name":"Lotte situate - veneraLA","isPartOf":{"@id":"https:\/\/venerala.org\/#website"},"primaryImageOfPage":{"@id":"https:\/\/venerala.org\/?eventi=lotte-situate#primaryimage"},"image":{"@id":"https:\/\/venerala.org\/?eventi=lotte-situate#primaryimage"},"thumbnailUrl":"https:\/\/venerala.org\/wp-content\/uploads\/2025\/05\/lotte-situate.jpg","datePublished":"2025-05-28T21:25:49+00:00","dateModified":"2025-11-11T13:14:46+00:00","breadcrumb":{"@id":"https:\/\/venerala.org\/?eventi=lotte-situate#breadcrumb"},"inLanguage":"it-IT","potentialAction":[{"@type":"ReadAction","target":["https:\/\/venerala.org\/?eventi=lotte-situate"]}]},{"@type":"ImageObject","inLanguage":"it-IT","@id":"https:\/\/venerala.org\/?eventi=lotte-situate#primaryimage","url":"https:\/\/venerala.org\/wp-content\/uploads\/2025\/05\/lotte-situate.jpg","contentUrl":"https:\/\/venerala.org\/wp-content\/uploads\/2025\/05\/lotte-situate.jpg","width":900,"height":675},{"@type":"BreadcrumbList","@id":"https:\/\/venerala.org\/?eventi=lotte-situate#breadcrumb","itemListElement":[{"@type":"ListItem","position":1,"name":"Home","item":"https:\/\/venerala.org\/"},{"@type":"ListItem","position":2,"name":"eventi","item":"https:\/\/venerala.org\/?post_type=eventi"},{"@type":"ListItem","position":3,"name":"Lotte situate"}]},{"@type":"WebSite","@id":"https:\/\/venerala.org\/#website","url":"https:\/\/venerala.org\/","name":"veneraLA","description":"l&#039;odissea continua...","publisher":{"@id":"https:\/\/venerala.org\/#organization"},"potentialAction":[{"@type":"SearchAction","target":{"@type":"EntryPoint","urlTemplate":"https:\/\/venerala.org\/?s={search_term_string}"},"query-input":{"@type":"PropertyValueSpecification","valueRequired":true,"valueName":"search_term_string"}}],"inLanguage":"it-IT"},{"@type":"Organization","@id":"https:\/\/venerala.org\/#organization","name":"veneraLA","url":"https:\/\/venerala.org\/","logo":{"@type":"ImageObject","inLanguage":"it-IT","@id":"https:\/\/venerala.org\/#\/schema\/logo\/image\/","url":"https:\/\/venerala.org\/wp-content\/uploads\/2025\/03\/favicon-venere-80.jpg","contentUrl":"https:\/\/venerala.org\/wp-content\/uploads\/2025\/03\/favicon-venere-80.jpg","width":512,"height":512,"caption":"veneraLA"},"image":{"@id":"https:\/\/venerala.org\/#\/schema\/logo\/image\/"}}]}</script>
<!-- / Yoast SEO plugin. -->

Il desiderio di parlare di “lotte situate” è quello di (ri)trovare una forza e un orizzonte comune su cosa significhi, oggi, locale e territorio.
